{"id":16186,"date":"2023-11-13T12:45:04","date_gmt":"2023-11-13T11:45:04","guid":{"rendered":"https:\/\/oliveraieducoudon.com\/?post_type=product&#038;p=16186"},"modified":"2023-11-21T10:57:00","modified_gmt":"2023-11-21T09:57:00","slug":"camelia-japonica-2","status":"publish","type":"product","link":"https:\/\/oliveraieducoudon.com\/?product=camelia-japonica-2","title":{"rendered":"CAMELIA JAPONICA"},"content":{"rendered":"<p><span style=\"color: #ff0000;\"><em><strong>CAMELIA JAPONICA<\/strong><\/em><\/span><\/p>\n<p><span style=\"color: #000000;\"><em><strong>Le\u00a0cam\u00e9lia du Japon\u00a0est un arbuste\u00a0persistant\u00a0aux feuilles luisantes et vert fonc\u00e9. Les fleurs, quant \u00e0 elles, peuvent \u00eatre de\u00a0formes et de couleurs vari\u00e9es\u00a0en fonction des cultivars. Il\u00a0pousse lentement\u00a0et convient donc tr\u00e8s bien \u00e0 une\u00a0culture en pot.<\/strong><\/em><\/span><\/p>\n<h2 data-adslot-top=\"1138.109375\">Plantation du cam\u00e9lia du Japon<\/h2>\n<p><strong><a class=\"alignright\" href=\"https:\/\/www.jardiner-malin.fr\/wp-content\/uploads\/2020\/06\/Camellia-japonica-camelia-du-japon.jpg\"><img fetchpriority=\"high\" decoding=\"async\" class=\"alignright size-medium wp-image-92121 entered lazyloaded\" src=\"https:\/\/www.jardiner-malin.fr\/wp-content\/uploads\/2020\/06\/Camellia-japonica-camelia-du-japon-320x237.jpg\" alt=\"Camellia japonica - camelia du japon\" width=\"320\" height=\"237\" data-lazy-src=\"https:\/\/www.jardiner-malin.fr\/wp-content\/uploads\/2020\/06\/Camellia-japonica-camelia-du-japon-320x237.jpg\" data-ll-status=\"loaded\" \/><\/a>Plante de terre de bruy\u00e8re<\/strong>\u00a0par excellence, le cam\u00e9lia du Japon a besoin de plusieurs conditions pour s\u2019\u00e9panouir\u00a0:<\/p>\n<ul>\n<li>un\u00a0<strong>sol acide<\/strong>\u00a0et toujours humide\u00a0;<\/li>\n<li>ne pas \u00eatre expos\u00e9 au soleil direct sans pour autant \u00eatre constamment \u00e0 l\u2019ombre\u00a0;<\/li>\n<li>\u00eatre \u00e0 l\u2019abri des courants d\u2019air froid.<\/li>\n<\/ul>\n<p>La plantation doit, de pr\u00e9f\u00e9rence, avoir lieu en\u00a0<strong>d\u00e9but d\u2019automne<\/strong>\u00a0pour permettre \u00e0 l\u2019arbuste de cr\u00e9er assez de racines avant l\u2019\u00e9t\u00e9.<\/p>\n<h3>Cam\u00e9lia du Japon en pot\u00a0:<\/h3>\n<p><a class=\"alignright\" href=\"https:\/\/www.jardiner-malin.fr\/wp-content\/uploads\/2020\/06\/camellia-japonica-en-pot.jpg\"><img decoding=\"async\" class=\"alignright size-medium wp-image-92124 entered lazyloaded\" src=\"https:\/\/www.jardiner-malin.fr\/wp-content\/uploads\/2020\/06\/camellia-japonica-en-pot-320x249.jpg\" alt=\"camellia japonica en pot\" width=\"320\" height=\"249\" data-lazy-src=\"https:\/\/www.jardiner-malin.fr\/wp-content\/uploads\/2020\/06\/camellia-japonica-en-pot-320x249.jpg\" data-ll-status=\"loaded\" \/><\/a>Ce type de plantation n\u00e9cessite de choisir un pot (ou un bac) assez\u00a0<strong>volumineux\u00a0<\/strong>et suffisamment\u00a0<strong>stable<\/strong>\u00a0pour\u00a0<strong>r\u00e9sister au vent<\/strong>. Une fois choisi, assurez\u2011vous que le contenant poss\u00e8de des trous d\u2019\u00e9vacuation pour l\u2019eau. Dans le cas contraire, effectuez quelques ouvertures pour faciliter l\u2019\u00e9coulement.<\/p>\n<p>Ensuite, d\u00e9posez une\u00a0<strong>couche de drainage<\/strong>\u00a0(graviers ou billes d\u2019argile) et compl\u00e9tez avec de la terre de bruy\u00e8re. Il ne reste plus qu\u2019\u00e0 planter votre cam\u00e9lia du Japon en veillant \u00e0 ne pas trop l\u2019enterrer.<\/p>\n<p>Le camellia japonica en pot convient parfaitement aux\u00a0jardins japonais.<\/p>\n<h3>Planter en pleine terre\u00a0:<\/h3>\n<p>Pour que votre arbuste s\u2019\u00e9panouisse pleinement, il est fortement conseill\u00e9 de le planter dans une\u00a0<strong>terre acide<\/strong>. Il pourra tol\u00e9rer un sol neutre, mais en aucun cas il ne supportera le calcaire.<br \/>\nApr\u00e8s avoir v\u00e9rifi\u00e9 que le pH de votre sol convient, vous pouvez passer \u00e0 l\u2019\u00e9tape de la plantation en creusant un trou suffisamment grand pour accueillir la motte. Celle\u2011ci ne doit cependant pas \u00eatre trop enfouie. L\u2019id\u00e9al est qu\u2019elle\u00a0<strong>affleure<\/strong>\u00a0l\u00e9g\u00e8rement le sol.<\/p>\n<p><u>Conseil malin<\/u>\u00a0: que ce soit en pot ou en pleine terre, finalisez la plantation en apportant une couche de\u00a0<strong>paillis<\/strong>\u00a0afin de garder l\u2019humidit\u00e9 du sol.\u00a0<strong>L\u2019\u00e9corce de pin<\/strong>\u00a0maritime est id\u00e9ale, car elle pr\u00e9serve \u00e9galement l\u2019acidit\u00e9 du sol.<\/p>\n<p><strong><span style=\"color: #0000ff;\">L&rsquo;oliveraie peut vous proposer\u00a0diff\u00e9rents\u00a0pots de\u00a0diff\u00e9rentes\u00a0couleurs pour vos plantes <\/span><\/strong><br \/>\n<strong><span style=\"color: #0000ff;\">Ainsi de vous livrer sur simple demande <\/span><\/strong><br \/>\n<strong><span style=\"color: #0000ff;\">Une photo de la plante command\u00e9e vous sera envoy\u00e9e par sms ou mail avant livraison ou retrait\u00a0<\/span><\/strong><\/p>\n<div><strong>Nous contacter pour toutes demandes de devis ou une vari\u00e9t\u00e9\u00a0sp\u00e9cifique nous avons un large choix de plantes a vous proposer<\/strong><\/div>\n<div><span style=\"color: #008000;\"><strong>Devis par mail : oliveraieducoudon@gmail.com ou TEL 0643095220<\/strong><\/span><\/div>\n<p>&nbsp;<\/p>\n","protected":false},"excerpt":{"rendered":"<p>CAMELIA JAPONICA Le\u00a0cam\u00e9lia du Japon\u00a0est un arbuste\u00a0persistant\u00a0aux feuilles luisantes et vert fonc\u00e9. Les fleurs, quant \u00e0 elles, peuvent \u00eatre de\u00a0formes et de couleurs vari\u00e9es\u00a0en fonction des cultivars. Il\u00a0pousse lentement\u00a0et convient donc tr\u00e8s bien \u00e0 une\u00a0culture en pot. Plantation du cam\u00e9lia du Japon Plante de terre de bruy\u00e8re\u00a0par excellence, le cam\u00e9lia du Japon a besoin de [&hellip;]<\/p>\n","protected":false},"featured_media":16169,"comment_status":"open","ping_status":"closed","template":"","meta":{"om_disable_all_campaigns":false,"_monsterinsights_skip_tracking":false,"_monsterinsights_sitenote_active":false,"_monsterinsights_sitenote_note":"","_monsterinsights_sitenote_category":0,"ocean_post_layout":"","ocean_both_sidebars_style":"","ocean_both_sidebars_content_width":0,"ocean_both_sidebars_sidebars_width":0,"ocean_sidebar":"0","ocean_second_sidebar":"0","ocean_disable_margins":"enable","ocean_add_body_class":"","ocean_shortcode_before_top_bar":"","ocean_shortcode_after_top_bar":"","ocean_shortcode_before_header":"","ocean_shortcode_after_header":"","ocean_has_shortcode":"","ocean_shortcode_after_title":"","ocean_shortcode_before_footer_widgets":"","ocean_shortcode_after_footer_widgets":"","ocean_shortcode_before_footer_bottom":"","ocean_shortcode_after_footer_bottom":"","ocean_display_top_bar":"default","ocean_display_header":"default","ocean_header_style":"","ocean_center_header_left_menu":"0","ocean_custom_header_template":"0","ocean_custom_logo":0,"ocean_custom_retina_logo":0,"ocean_custom_logo_max_width":0,"ocean_custom_logo_tablet_max_width":0,"ocean_custom_logo_mobile_max_width":0,"ocean_custom_logo_max_height":0,"ocean_custom_logo_tablet_max_height":0,"ocean_custom_logo_mobile_max_height":0,"ocean_header_custom_menu":"0","ocean_menu_typo_font_family":"0","ocean_menu_typo_font_subset":"","ocean_menu_typo_font_size":0,"ocean_menu_typo_font_size_tablet":0,"ocean_menu_typo_font_size_mobile":0,"ocean_menu_typo_font_size_unit":"px","ocean_menu_typo_font_weight":"","ocean_menu_typo_font_weight_tablet":"","ocean_menu_typo_font_weight_mobile":"","ocean_menu_typo_transform":"","ocean_menu_typo_transform_tablet":"","ocean_menu_typo_transform_mobile":"","ocean_menu_typo_line_height":0,"ocean_menu_typo_line_height_tablet":0,"ocean_menu_typo_line_height_mobile":0,"ocean_menu_typo_line_height_unit":"","ocean_menu_typo_spacing":0,"ocean_menu_typo_spacing_tablet":0,"ocean_menu_typo_spacing_mobile":0,"ocean_menu_typo_spacing_unit":"","ocean_menu_link_color":"","ocean_menu_link_color_hover":"","ocean_menu_link_color_active":"","ocean_menu_link_background":"","ocean_menu_link_hover_background":"","ocean_menu_link_active_background":"","ocean_menu_social_links_bg":"","ocean_menu_social_hover_links_bg":"","ocean_menu_social_links_color":"","ocean_menu_social_hover_links_color":"","ocean_disable_title":"default","ocean_disable_heading":"default","ocean_post_title":"","ocean_post_subheading":"","ocean_post_title_style":"","ocean_post_title_background_color":"","ocean_post_title_background":0,"ocean_post_title_bg_image_position":"","ocean_post_title_bg_image_attachment":"","ocean_post_title_bg_image_repeat":"","ocean_post_title_bg_image_size":"","ocean_post_title_height":0,"ocean_post_title_bg_overlay":0.5,"ocean_post_title_bg_overlay_color":"","ocean_disable_breadcrumbs":"default","ocean_breadcrumbs_color":"","ocean_breadcrumbs_separator_color":"","ocean_breadcrumbs_links_color":"","ocean_breadcrumbs_links_hover_color":"","ocean_display_footer_widgets":"default","ocean_display_footer_bottom":"default","ocean_custom_footer_template":"0"},"product_brand":[],"product_cat":[51],"product_tag":[],"class_list":{"0":"post-16186","1":"product","2":"type-product","3":"status-publish","4":"has-post-thumbnail","6":"product_cat-la-gamme-de-fleuri","7":"product_shipping_class-produits-non-livrables","9":"entry","10":"has-media","12":"first","13":"instock","14":"taxable","15":"shipping-taxable","16":"purchasable","17":"product-type-variable","18":"has-product-nav","19":"col","20":"span_1_of_4","21":"owp-content-center","22":"owp-thumbs-layout-horizontal","23":"owp-btn-big","24":"owp-tabs-layout-vertical","25":"has-no-thumbnails"},"aioseo_notices":[],"jetpack_sharing_enabled":true,"_links":{"self":[{"href":"https:\/\/oliveraieducoudon.com\/index.php?rest_route=\/wp\/v2\/product\/16186","targetHints":{"allow":["GET"]}}],"collection":[{"href":"https:\/\/oliveraieducoudon.com\/index.php?rest_route=\/wp\/v2\/product"}],"about":[{"href":"https:\/\/oliveraieducoudon.com\/index.php?rest_route=\/wp\/v2\/types\/product"}],"replies":[{"embeddable":true,"href":"https:\/\/oliveraieducoudon.com\/index.php?rest_route=%2Fwp%2Fv2%2Fcomments&post=16186"}],"wp:featuredmedia":[{"embeddable":true,"href":"https:\/\/oliveraieducoudon.com\/index.php?rest_route=\/wp\/v2\/media\/16169"}],"wp:attachment":[{"href":"https:\/\/oliveraieducoudon.com\/index.php?rest_route=%2Fwp%2Fv2%2Fmedia&parent=16186"}],"wp:term":[{"taxonomy":"product_brand","embeddable":true,"href":"https:\/\/oliveraieducoudon.com\/index.php?rest_route=%2Fwp%2Fv2%2Fproduct_brand&post=16186"},{"taxonomy":"product_cat","embeddable":true,"href":"https:\/\/oliveraieducoudon.com\/index.php?rest_route=%2Fwp%2Fv2%2Fproduct_cat&post=16186"},{"taxonomy":"product_tag","embeddable":true,"href":"https:\/\/oliveraieducoudon.com\/index.php?rest_route=%2Fwp%2Fv2%2Fproduct_tag&post=16186"}],"curies":[{"name":"wp","href":"https:\/\/api.w.org\/{rel}","templated":true}]}}