{"id":16096,"date":"2023-11-12T16:18:32","date_gmt":"2023-11-12T15:18:32","guid":{"rendered":"https:\/\/oliveraieducoudon.com\/?post_type=product&#038;p=16096"},"modified":"2025-06-23T14:49:03","modified_gmt":"2025-06-23T12:49:03","slug":"les-arbres-en-c10-l","status":"publish","type":"product","link":"https:\/\/oliveraieducoudon.com\/?product=les-arbres-en-c10-l","title":{"rendered":"LES ARBRES en C10 L"},"content":{"rendered":"<p>LES ARBRES EN POT C10l p25<\/p>\n<p style=\"font-weight: 400;\"><span style=\"color: #993366;\"><em><strong>Acer negundo &lsquo;Flamingo&rsquo;<\/strong><\/em><\/span><br \/>\nL&rsquo;Acer negundo Flamingo\u00a0est une tr\u00e8s belle vari\u00e9t\u00e9 d&rsquo;\u00e9rable \u00e0 feuilles de fr\u00eane, un remarquable petit arbre au feuillage compos\u00e9 extr\u00eamement lumineux, panach\u00e9\u00a0&#8230;<\/p>\n<table style=\"font-weight: 400; height: 750px;\" width=\"902\">\n<tbody>\n<tr>\n<td width=\"121\"><span style=\"color: #993366;\"><em><strong>Bauhinia variegata<\/strong><\/em><\/span><br \/>\nArbre exotique dont les fleurs aux allures d&rsquo;Orchid\u00e9e de couleur magenta et blanche se renouv\u00e8lent de l&rsquo;hiver au printemps. Une floraison extraordinaire<\/td>\n<\/tr>\n<tr>\n<td width=\"121\"><span style=\"color: #993366;\"><em><strong>Brachychiton acerifolius<\/strong><\/em><\/span><br \/>\nUn arbre australien caduc \u00e0 semi-persistant apparent\u00e9 aux mauves, c\u00e9l\u00e8bre pour sa floraison rouge \u00e9carlate spectaculaire<\/td>\n<\/tr>\n<tr>\n<td width=\"121\"><span style=\"color: #993366;\"><em><strong>Catalpa bignoinoides<\/strong><\/em><\/span><br \/>\nCatalpa bignonioides, de noms communs Arbre aux haricots, Catalpa boule ou Catalpa commun, est une esp\u00e8ce d&rsquo;arbres \u00e0 grandes feuilles caduques<\/td>\n<\/tr>\n<tr>\n<td width=\"121\"><span style=\"color: #993366;\"><em><strong>Chorisia<\/strong><\/em><\/span><br \/>\nLe\u00a0Ceiba speciosa, souvent plus connu sous son ancien nom\u00a0Chorisia, est\u00a0un arbre de climats tropicaux\u00a0qui ravira les amateurs d&rsquo;exotisme. Son feuillage palm\u00e9 ne manque pas de gr\u00e2ce, mais c&rsquo;est surtout sa floraison qui attire l&rsquo;attention.\u00a0En automne, il se couvre de grandes fleurs roses, formant un spectacle magnifique<\/td>\n<\/tr>\n<tr>\n<td width=\"121\"><span style=\"color: #993366;\"><em><strong>Corylus avellana<\/strong><\/em><\/span><br \/>\nLe\u00a0Corylus avellana\u00a0ou Noisetier commun est un arbre fruitier aux fleurs m\u00e2les jaunes et aux fleurs femelles rouge vif sur un feuillage vert tendre<\/td>\n<\/tr>\n<tr>\n<td width=\"121\"><span style=\"color: #993366;\"><em><strong>Eucalyptus citriodora <\/strong><\/em><\/span><br \/>\nCet Eucalyptus citronn\u00e9, aujourd&rsquo;hui plus souvent nomm\u00e9 Corymbia citriodora, est un arbre au feuillage tr\u00e8s aromatique. Craignant le froid, il se cultive uniquement sur le littoral m\u00e9diterran\u00e9en, dans la zone de l&rsquo;oranger. Il peut y atteindre une hauteur de 27 m<\/td>\n<\/tr>\n<tr>\n<td width=\"121\"><span style=\"color: #993366;\"><em><strong>Eucalyptus polyanthemos <\/strong><\/em><\/span><br \/>\nL&rsquo;Eucalyptus polyanthemos,\u00a0surnomm\u00e9\u00a0gommier florif\u00e8re,\u00a0est une esp\u00e8ce australienne frileuse au d\u00e9veloppement assez important appr\u00e9ci\u00e9e pour sa\u00a0belle floraison blanche automnale \u00e0 hivernale\u00a0et pour\u00a0son feuillage juv\u00e9nile particuli\u00e8rement d\u00e9coratif.<\/td>\n<\/tr>\n<tr>\n<td width=\"121\"><span style=\"color: #993366;\"><em><strong>Grevillea robusta<\/strong><\/em><\/span><br \/>\n<em> Le\u00a0Grevillea robusta,\u00a0surnomm\u00e9\u00a0Ch\u00eane soyeux d&rsquo;Australie, atteint effectivement des dimensions impressionnantes dans son pays d&rsquo;origine. En France, sa croissance sera moindre, donnant un arbre de taille moyenne au port pyramidal.\u00a0Tr\u00e8s ornemental avec son feuillage<\/em><\/td>\n<\/tr>\n<tr>\n<td width=\"121\"><span style=\"color: #993366;\"><em><strong>Liquidambar styraciflua <\/strong><\/em><\/span><br \/>\nLe\u00a0Liquidambar styraciflua,\u00a0\u00e9galement appel\u00e9\u00a0Copalme d\u2019Am\u00e9rique,\u00a0est un arbre caduc de stature moyenne, tr\u00e8s ornemental par son port conique \u00e9lanc\u00e9,\u00a0particuli\u00e8rement appr\u00e9ci\u00e9 en automne, lorsque son ample feuillage palm\u00e9 prend de somptueuses teintes orang\u00e9es, cuivr\u00e9es ou dor\u00e9es \u00e0 rouge \u00e9carlate et violac\u00e9es.<\/td>\n<\/tr>\n<tr>\n<td width=\"121\"><span style=\"color: #993366;\"><em><strong>Quercus robur<\/strong><\/em><\/span><br \/>\nLe\u00a0Quercus robur, \u00e9galement appel\u00e9 Ch\u00eane p\u00e9doncul\u00e9\u00a0ou encore ch\u00eane commun, est cet\u00a0arbre\u00a0puissant et majestueux\u00a0qui peuple nos for\u00eats d&rsquo;Europe. Cette essence noble, symbole de p\u00e9rennit\u00e9, appr\u00e9ci\u00e9e pour son bois tr\u00e8s dur,\u00a0porte un houppier irr\u00e9gulier et a\u00e9r\u00e9, des branches massives et tortueuses situ\u00e9es vers le bas du tronc,\u00a0un beau feuillage caduc qui dispense une ombre agr\u00e9able et de nombreux glands qui font le r\u00e9gal des petits animaux.<\/td>\n<\/tr>\n<tr>\n<td width=\"121\"><span style=\"color: #993366;\"><em><strong>Quercus suber (ch\u00eane-li\u00e8ge)<\/strong><\/em><\/span><br \/>\nLe\u00a0Quercus suber,\u00a0plus connu sous le nom de\u00a0ch\u00eane li\u00e8ge,\u00a0est un arbre persistant\u00a0des for\u00eats\u00a0et des maquis\u00a0m\u00e9diterran\u00e9ens\u00a0\u00a0strictement inf\u00e9od\u00e9 aux\u00a0sols non calcaires,\u00a0contrairement au ch\u00eane vert, un autre ch\u00eane m\u00e9ridional beaucoup plus tol\u00e9rant. Cet arbre de stature moyenne est cultiv\u00e9 depuis fort longtemps pour son \u00e9corce \u00e9paisse, isolante, ignifuge et spongieuse appel\u00e9e li\u00e8ge.<\/td>\n<\/tr>\n<tr>\n<td width=\"121\"><span style=\"color: #993366;\"><em><strong>Robinia pseudoacacia<\/strong><\/em><\/span><br \/>\nLe\u00a0Robinia pseudoacacia\u00a0ou\u00a0Robinier faux-acacia\u00a0est un arbre int\u00e9ressant pour sa floraison de mai \u00e0 juillet qui donne lieu \u00e0 de jolies grappes pendantes de fleurs \u00e0 l\u2019odeur d\u2019oranger. Son feuillage d\u00e9licat et l\u00e9ger ainsi que son port ample, tr\u00e8s a\u00e9r\u00e9 en font un arbre ornemental id\u00e9al pour cr\u00e9er un ombrage peu dense qui laisse les arbustes et vivaces pousser \u00e0 son pied. Les fleurs\u00a0blanches si typiques des papillonac\u00e9es\u00a0mesurent 2 cm tandis que les grappes mesurent de 10 \u00e0 20 cm de long. Les fleurs sont\u00a0comestibles, on les d\u00e9guste en beignets.<\/td>\n<\/tr>\n<tr>\n<td width=\"121\"><span style=\"color: #993366;\"><em><strong>Salix babylonica<\/strong><\/em><\/span><br \/>\nLe\u00a0SALIX babylonica &lsquo;Aurea&rsquo;\u00a0est une des plus belles vari\u00e9t\u00e9s de \u00ab\u00a0saule pleureur\u00a0\u00bb,\u00a0d\u00e9coratif en toute saison. Cet arbre majestueux est caract\u00e9ris\u00e9 par ses jeunes rameaux fins,\u00a0\u00e0 la jolie couleur jaune dor\u00e9.<br \/>\nSon feuillage caduc est compos\u00e9 de petites feuilles \u00e9troites, lanc\u00e9ol\u00e9es et brillantes : elles animeront votre jardin\u00a0au gr\u00e9 du vent, du printemps \u00e0 l&rsquo;automne. Des inflorescences sous forme de chatons pendants apparaissent en d\u00e9but de printemps.<\/td>\n<\/tr>\n<tr>\n<td width=\"121\"><span style=\"color: #993366;\"><em><strong>Sophora japonica<\/strong><\/em><\/span><br \/>\nLe\u00a0Sophora japonica\u00a0(aujourd&rsquo;hui renomm\u00e9\u00a0Styphnolobium japonicum), plus connu sous ses noms de\u00a0Pagode japonaise,\u00a0Arbre des pagodes\u00a0ou encore\u00a0Sophora du Japon,\u00a0est un\u00a0arbre caduc majestueux, vigoureux et facile \u00e0 vivre, plus souvent plant\u00e9 dans les parcs et le long des avenues que dans les jardins en raison de son d\u00e9veloppement qui peut devenir tr\u00e8s important<\/td>\n<\/tr>\n<\/tbody>\n<\/table>\n<p><strong><span style=\"color: #0000ff;\">L&rsquo;oliveraie peut vous proposer\u00a0diff\u00e9rents\u00a0pots de\u00a0diff\u00e9rentes\u00a0couleurs pour vos plantes <\/span><\/strong><br \/>\n<strong><span style=\"color: #0000ff;\">Ainsi de vous livrer sur simple demande <\/span><\/strong><br \/>\n<strong><span style=\"color: #0000ff;\">Une photo de la plante command\u00e9e vous sera envoy\u00e9e par sms ou mail avant livraison ou retrait\u00a0<\/span><\/strong><\/p>\n<div><strong>Nous contacter pour toutes demandes de devis ou une vari\u00e9t\u00e9\u00a0sp\u00e9cifique nous avons un large choix de plantes a vous proposer<\/strong><\/div>\n<div><span style=\"color: #008000;\"><strong>Devis par mail : oliveraieducoudon@gmail.com ou TEL 0643095220<\/strong><\/span><\/div>\n<p>&nbsp;<\/p>\n","protected":false},"excerpt":{"rendered":"<p>LES ARBRES EN POT C10l p25 Acer negundo &lsquo;Flamingo&rsquo; L&rsquo;Acer negundo Flamingo\u00a0est une tr\u00e8s belle vari\u00e9t\u00e9 d&rsquo;\u00e9rable \u00e0 feuilles de fr\u00eane, un remarquable petit arbre au feuillage compos\u00e9 extr\u00eamement lumineux, panach\u00e9\u00a0&#8230; Bauhinia variegata Arbre exotique dont les fleurs aux allures d&rsquo;Orchid\u00e9e de couleur magenta et blanche se renouv\u00e8lent de l&rsquo;hiver au printemps. Une floraison extraordinaire [&hellip;]<\/p>\n","protected":false},"featured_media":16117,"comment_status":"open","ping_status":"closed","template":"","meta":{"om_disable_all_campaigns":false,"_monsterinsights_skip_tracking":false,"_monsterinsights_sitenote_active":false,"_monsterinsights_sitenote_note":"","_monsterinsights_sitenote_category":0,"ocean_post_layout":"","ocean_both_sidebars_style":"","ocean_both_sidebars_content_width":0,"ocean_both_sidebars_sidebars_width":0,"ocean_sidebar":"0","ocean_second_sidebar":"0","ocean_disable_margins":"enable","ocean_add_body_class":"","ocean_shortcode_before_top_bar":"","ocean_shortcode_after_top_bar":"","ocean_shortcode_before_header":"","ocean_shortcode_after_header":"","ocean_has_shortcode":"","ocean_shortcode_after_title":"","ocean_shortcode_before_footer_widgets":"","ocean_shortcode_after_footer_widgets":"","ocean_shortcode_before_footer_bottom":"","ocean_shortcode_after_footer_bottom":"","ocean_display_top_bar":"default","ocean_display_header":"default","ocean_header_style":"","ocean_center_header_left_menu":"0","ocean_custom_header_template":"0","ocean_custom_logo":0,"ocean_custom_retina_logo":0,"ocean_custom_logo_max_width":0,"ocean_custom_logo_tablet_max_width":0,"ocean_custom_logo_mobile_max_width":0,"ocean_custom_logo_max_height":0,"ocean_custom_logo_tablet_max_height":0,"ocean_custom_logo_mobile_max_height":0,"ocean_header_custom_menu":"0","ocean_menu_typo_font_family":"0","ocean_menu_typo_font_subset":"","ocean_menu_typo_font_size":0,"ocean_menu_typo_font_size_tablet":0,"ocean_menu_typo_font_size_mobile":0,"ocean_menu_typo_font_size_unit":"px","ocean_menu_typo_font_weight":"","ocean_menu_typo_font_weight_tablet":"","ocean_menu_typo_font_weight_mobile":"","ocean_menu_typo_transform":"","ocean_menu_typo_transform_tablet":"","ocean_menu_typo_transform_mobile":"","ocean_menu_typo_line_height":0,"ocean_menu_typo_line_height_tablet":0,"ocean_menu_typo_line_height_mobile":0,"ocean_menu_typo_line_height_unit":"","ocean_menu_typo_spacing":0,"ocean_menu_typo_spacing_tablet":0,"ocean_menu_typo_spacing_mobile":0,"ocean_menu_typo_spacing_unit":"","ocean_menu_link_color":"","ocean_menu_link_color_hover":"","ocean_menu_link_color_active":"","ocean_menu_link_background":"","ocean_menu_link_hover_background":"","ocean_menu_link_active_background":"","ocean_menu_social_links_bg":"","ocean_menu_social_hover_links_bg":"","ocean_menu_social_links_color":"","ocean_menu_social_hover_links_color":"","ocean_disable_title":"default","ocean_disable_heading":"default","ocean_post_title":"","ocean_post_subheading":"","ocean_post_title_style":"","ocean_post_title_background_color":"","ocean_post_title_background":0,"ocean_post_title_bg_image_position":"","ocean_post_title_bg_image_attachment":"","ocean_post_title_bg_image_repeat":"","ocean_post_title_bg_image_size":"","ocean_post_title_height":0,"ocean_post_title_bg_overlay":0.5,"ocean_post_title_bg_overlay_color":"","ocean_disable_breadcrumbs":"default","ocean_breadcrumbs_color":"","ocean_breadcrumbs_separator_color":"","ocean_breadcrumbs_links_color":"","ocean_breadcrumbs_links_hover_color":"","ocean_display_footer_widgets":"default","ocean_display_footer_bottom":"default","ocean_custom_footer_template":"0"},"product_brand":[],"product_cat":[68],"product_tag":[],"class_list":{"0":"post-16096","1":"product","2":"type-product","3":"status-publish","4":"has-post-thumbnail","6":"product_cat-les-arbres","7":"product_shipping_class-produits-non-livrables","9":"entry","10":"has-media","12":"first","13":"instock","14":"taxable","15":"shipping-taxable","16":"purchasable","17":"product-type-variable","18":"has-product-nav","19":"col","20":"span_1_of_4","21":"owp-content-center","22":"owp-thumbs-layout-horizontal","23":"owp-btn-big","24":"owp-tabs-layout-vertical"},"aioseo_notices":[],"jetpack_sharing_enabled":true,"_links":{"self":[{"href":"https:\/\/oliveraieducoudon.com\/index.php?rest_route=\/wp\/v2\/product\/16096","targetHints":{"allow":["GET"]}}],"collection":[{"href":"https:\/\/oliveraieducoudon.com\/index.php?rest_route=\/wp\/v2\/product"}],"about":[{"href":"https:\/\/oliveraieducoudon.com\/index.php?rest_route=\/wp\/v2\/types\/product"}],"replies":[{"embeddable":true,"href":"https:\/\/oliveraieducoudon.com\/index.php?rest_route=%2Fwp%2Fv2%2Fcomments&post=16096"}],"wp:featuredmedia":[{"embeddable":true,"href":"https:\/\/oliveraieducoudon.com\/index.php?rest_route=\/wp\/v2\/media\/16117"}],"wp:attachment":[{"href":"https:\/\/oliveraieducoudon.com\/index.php?rest_route=%2Fwp%2Fv2%2Fmedia&parent=16096"}],"wp:term":[{"taxonomy":"product_brand","embeddable":true,"href":"https:\/\/oliveraieducoudon.com\/index.php?rest_route=%2Fwp%2Fv2%2Fproduct_brand&post=16096"},{"taxonomy":"product_cat","embeddable":true,"href":"https:\/\/oliveraieducoudon.com\/index.php?rest_route=%2Fwp%2Fv2%2Fproduct_cat&post=16096"},{"taxonomy":"product_tag","embeddable":true,"href":"https:\/\/oliveraieducoudon.com\/index.php?rest_route=%2Fwp%2Fv2%2Fproduct_tag&post=16096"}],"curies":[{"name":"wp","href":"https:\/\/api.w.org\/{rel}","templated":true}]}}