{"id":15977,"date":"2023-11-12T12:45:50","date_gmt":"2023-11-12T11:45:50","guid":{"rendered":"https:\/\/oliveraieducoudon.com\/?post_type=product&#038;p=15977"},"modified":"2023-11-21T10:57:01","modified_gmt":"2023-11-21T09:57:01","slug":"olivier-a-la-variete-pot-c3","status":"publish","type":"product","link":"https:\/\/oliveraieducoudon.com\/?product=olivier-a-la-variete-pot-c3","title":{"rendered":"OLIVIER A LA VARI\u00c9T\u00c9 pot C3"},"content":{"rendered":"<p><span style=\"color: #008000;\"><em><strong>OLIVIER A LA VARI\u00c9T\u00c9 pot C3<\/strong><\/em><\/span><\/p>\n<p><span style=\"color: #0000ff;\"><span style=\"caret-color: #0000ff;\"><b><i># GROSSANE<\/i><\/b><\/span><\/span><\/p>\n<p><em style=\"color: #0000ff;\"><strong>La grossane est une vari\u00e9t\u00e9 d&rsquo;olive des Bouches-du-Rh\u00f4ne produite principalement dans la vall\u00e9e des Baux. Bien qu&rsquo;elle puisse \u00eatre utilis\u00e9e pour produire de l&rsquo;huile, elle est principalement utilis\u00e9e comme une olive noire de table.<\/strong><\/em><\/p>\n<p>Elle est aussi connue sous les appellations de groussan et de grossanne.<span id=\"Caract.C3.A9ristiques\"><\/span><\/p>\n<p>Sa chair pulpeuse en fait une vari\u00e9t\u00e9 mixte (huile et noire de table),<sup id=\"cite_ref-AD23_1-0\" class=\"reference\"><\/sup>\u00a0Originaire des Bouches-du-Rh\u00f4ne, elle s&rsquo;\u00e9tend maintenant jusque dans le Vaucluse<sup id=\"cite_ref-Dico374_2-0\" class=\"reference\"><\/sup>. Elle donne une huile douce au fruit\u00e9 noir, o\u00f9 dominent l&rsquo;amande douce et une note tr\u00e8s beurr\u00e9e en bouche<sup id=\"cite_ref-AD23_1-1\" class=\"reference\"><a href=\"https:\/\/fr.wikipedia.org\/wiki\/Grossane#cite_note-AD23-1\">1<\/a><\/sup>. La grossane est la seule vari\u00e9t\u00e9 autoris\u00e9e pour la production en\u00a0appellation d&rsquo;origine contr\u00f4l\u00e9e\u00a0des olives noires de la vall\u00e9e des Baux-de-Provence. Pour la table, elle est pr\u00e9par\u00e9e piqu\u00e9e au sel. Elle m\u00fbrit \u00e0 l&rsquo;ext\u00e9rieur sous l&rsquo;action conjugu\u00e9e du sel et du froid qui lui \u00f4te son amertume en quelques jours<\/p>\n<p>&nbsp;<\/p>\n<p><span style=\"color: #993366;\"><span style=\"caret-color: #993366;\"><b><i># CAILLETIER<\/i><\/b><\/span><\/span><\/p>\n<p><em><strong><span style=\"color: #993366;\">Cette vari\u00e9t\u00e9 est aussi connue sous le nom de petite olive de Nice, Le\u00a0<b>Cailletier<\/b>\u00a0est un\u00a0cultivar\u00a0d&rsquo;olivier\u00a0qui produit une vari\u00e9t\u00e9 d&rsquo;olive\u00a0appel\u00e9e caillette, cultiv\u00e9e dans les\u00a0Alpes-Maritimes\u00a0au nord de\u00a0Nice\u00a0et dans l&rsquo;Est du\u00a0Var.<\/span><\/strong><\/em><\/p>\n<p>L&rsquo;arbre, vigoureux et \u00e0 port pyramidal, connait un grand d\u00e9veloppement. Le fruit est ovo\u00efde allong\u00e9, de petite taille. Les rameaux sont retombants.<br \/>\nIl tol\u00e8re relativement bien le gel (jusqu&rsquo;\u00e0\u00a0<span title=\"\u22120,139\u00a0626 rad\">\u22128<\/span><abbr class=\"abbr\" title=\"degr\u00e9\">\u00b0<\/abbr>) et se cultive jusqu&rsquo;\u00e0 800\u00a0<abbr class=\"abbr\" title=\"m\u00e8tre\">m<\/abbr>\u00a0d&rsquo;altitude dans les Alpes-Maritimes<sup id=\"cite_ref-3\" class=\"reference\"><a href=\"https:\/\/fr.wikipedia.org\/wiki\/Cailletier#cite_note-3\">3<\/a><\/sup>.<br \/>\nL&rsquo;arbre donne une\u00a0huile\u00a0particuli\u00e8rement douce lorsque les olives sont r\u00e9colt\u00e9es tardivement, et peut fournir des huiles au fruit\u00e9 tr\u00e8s intense avec une dominante d&rsquo;amande\u00a0fra\u00eeche lors de r\u00e9colte pr\u00e9coce<sup id=\"cite_ref-4\" class=\"reference\"><\/sup>. C&rsquo;est la seule vari\u00e9t\u00e9 autoris\u00e9e pour l&rsquo;AOC olive de Nice, qui se consomme apr\u00e8s une mise en\u00a0saumure\u00a0qui doit durer quelques mois.<\/p>\n<p><span style=\"color: #ff0000;\"><span style=\"caret-color: #ff0000;\"><b><i># CAYON<\/i><\/b><\/span><\/span><\/p>\n<p><span style=\"color: #ff0000;\"><span style=\"caret-color: #ff0000;\"><b><i>Si le cayon est particuli\u00e8rement fr\u00e9quent dans le Var, o\u00f9 il est l&rsquo;une des principales vari\u00e9t\u00e9s, sa culture s&rsquo;est \u00e9tendue vers d&rsquo;autres d\u00e9partements du sud de la France (Aude,\u00a0Dr\u00f4me,\u00a0H\u00e9rault\u00a0et\u00a0Vaucluse) et en\u00a0Alg\u00e9rie<\/i><\/b><\/span><\/span><\/p>\n<p>Cette vari\u00e9t\u00e9 est d\u00e9sign\u00e9e localement sous les noms d&rsquo;Entrecastellen, Plant d&rsquo;\u00c9tranger, Nasies, Montfortaise et Race de Montfort. En Alg\u00e9rie, elle est connue sous le nom de Roulette de S\u00f3umam<br \/>\nLe cayon est utilis\u00e9 principalement pour la production d&rsquo;huile d&rsquo;olive. Il donne une huile douce, au fruit\u00e9 domin\u00e9 par un go\u00fbt de tomate.<br \/>\nCette vari\u00e9t\u00e9 est tr\u00e8s appr\u00e9ci\u00e9e pour son r\u00f4le de\u00a0polliniseur\u00a0<sup id=\"cite_ref-3\" class=\"reference\"><\/sup>des autres vari\u00e9t\u00e9s d&rsquo;olives.<\/p>\n<p><span style=\"color: #008000;\"><em><strong># MANZANILLA <\/strong><\/em><\/span><\/p>\n<p><span style=\"color: #008000;\"><em><strong>Les olives de Manzanillo ont un double usage : elles sont utilis\u00e9es pour les olives de table et l&rsquo;huile d&rsquo;olive.\u00a0Les cultivars d\u2019olives Manzanillo sont cultiv\u00e9s dans de nombreuses zones g\u00e9ographiques \u00e0 travers le monde.\u00a0<\/strong><\/em><\/span><\/p>\n<p><b><span>Les olives Manzanilla<\/span><\/b><span>\u00a0(\u00ab\u00a0man-zah-nee-ya\u00a0\u00bb) ou\u00a0<\/span><b><span>Manzanillo<\/span><\/b><span>\u00a0, \u00e9galement\u00a0<\/span><b><span>Manzanilla de Sevilla<\/span><\/b><span>\u00a0(en Espagne), originaires de la r\u00e9gion de\u00a0<\/span><span>S\u00e9ville<\/span><span>\u00a0,\u00a0<\/span><span>en Espagne<\/span><span>\u00a0, sont parfois appel\u00e9es olives espagnoles<\/span><\/p>\n<p>&nbsp;<\/p>\n<p><strong><span style=\"color: #0000ff;\">L&rsquo;oliveraie peut vous proposer\u00a0diff\u00e9rents\u00a0pots de\u00a0diff\u00e9rentes\u00a0couleurs pour vos plantes <\/span><\/strong><br \/>\n<strong><span style=\"color: #0000ff;\">Ainsi de vous livrer sur simple demande <\/span><\/strong><br \/>\n<strong><span style=\"color: #0000ff;\">Une photo de la plante command\u00e9e vous sera envoy\u00e9e par sms ou mail avant livraison ou retrait\u00a0<\/span><\/strong><\/p>\n<div><strong>Nous contacter pour toutes demandes de devis ou une vari\u00e9t\u00e9\u00a0sp\u00e9cifique nous avons un large choix de plantes a vous proposer<\/strong><\/div>\n<div><span style=\"color: #008000;\"><strong>Devis par mail : oliveraieducoudon@gmail.com ou TEL 0643095220<\/strong><\/span><\/div>\n<p>&nbsp;<\/p>\n","protected":false},"excerpt":{"rendered":"<p>OLIVIER A LA VARI\u00c9T\u00c9 pot C3 # GROSSANE La grossane est une vari\u00e9t\u00e9 d&rsquo;olive des Bouches-du-Rh\u00f4ne produite principalement dans la vall\u00e9e des Baux. Bien qu&rsquo;elle puisse \u00eatre utilis\u00e9e pour produire de l&rsquo;huile, elle est principalement utilis\u00e9e comme une olive noire de table. Elle est aussi connue sous les appellations de groussan et de grossanne. Sa [&hellip;]<\/p>\n","protected":false},"featured_media":15984,"comment_status":"open","ping_status":"closed","template":"","meta":{"om_disable_all_campaigns":false,"_monsterinsights_skip_tracking":false,"_monsterinsights_sitenote_active":false,"_monsterinsights_sitenote_note":"","_monsterinsights_sitenote_category":0,"ocean_post_layout":"","ocean_both_sidebars_style":"","ocean_both_sidebars_content_width":0,"ocean_both_sidebars_sidebars_width":0,"ocean_sidebar":"0","ocean_second_sidebar":"0","ocean_disable_margins":"enable","ocean_add_body_class":"","ocean_shortcode_before_top_bar":"","ocean_shortcode_after_top_bar":"","ocean_shortcode_before_header":"","ocean_shortcode_after_header":"","ocean_has_shortcode":"","ocean_shortcode_after_title":"","ocean_shortcode_before_footer_widgets":"","ocean_shortcode_after_footer_widgets":"","ocean_shortcode_before_footer_bottom":"","ocean_shortcode_after_footer_bottom":"","ocean_display_top_bar":"default","ocean_display_header":"default","ocean_header_style":"","ocean_center_header_left_menu":"0","ocean_custom_header_template":"0","ocean_custom_logo":0,"ocean_custom_retina_logo":0,"ocean_custom_logo_max_width":0,"ocean_custom_logo_tablet_max_width":0,"ocean_custom_logo_mobile_max_width":0,"ocean_custom_logo_max_height":0,"ocean_custom_logo_tablet_max_height":0,"ocean_custom_logo_mobile_max_height":0,"ocean_header_custom_menu":"0","ocean_menu_typo_font_family":"0","ocean_menu_typo_font_subset":"","ocean_menu_typo_font_size":0,"ocean_menu_typo_font_size_tablet":0,"ocean_menu_typo_font_size_mobile":0,"ocean_menu_typo_font_size_unit":"px","ocean_menu_typo_font_weight":"","ocean_menu_typo_font_weight_tablet":"","ocean_menu_typo_font_weight_mobile":"","ocean_menu_typo_transform":"","ocean_menu_typo_transform_tablet":"","ocean_menu_typo_transform_mobile":"","ocean_menu_typo_line_height":0,"ocean_menu_typo_line_height_tablet":0,"ocean_menu_typo_line_height_mobile":0,"ocean_menu_typo_line_height_unit":"","ocean_menu_typo_spacing":0,"ocean_menu_typo_spacing_tablet":0,"ocean_menu_typo_spacing_mobile":0,"ocean_menu_typo_spacing_unit":"","ocean_menu_link_color":"","ocean_menu_link_color_hover":"","ocean_menu_link_color_active":"","ocean_menu_link_background":"","ocean_menu_link_hover_background":"","ocean_menu_link_active_background":"","ocean_menu_social_links_bg":"","ocean_menu_social_hover_links_bg":"","ocean_menu_social_links_color":"","ocean_menu_social_hover_links_color":"","ocean_disable_title":"default","ocean_disable_heading":"default","ocean_post_title":"","ocean_post_subheading":"","ocean_post_title_style":"","ocean_post_title_background_color":"","ocean_post_title_background":0,"ocean_post_title_bg_image_position":"","ocean_post_title_bg_image_attachment":"","ocean_post_title_bg_image_repeat":"","ocean_post_title_bg_image_size":"","ocean_post_title_height":0,"ocean_post_title_bg_overlay":0.5,"ocean_post_title_bg_overlay_color":"","ocean_disable_breadcrumbs":"default","ocean_breadcrumbs_color":"","ocean_breadcrumbs_separator_color":"","ocean_breadcrumbs_links_color":"","ocean_breadcrumbs_links_hover_color":"","ocean_display_footer_widgets":"default","ocean_display_footer_bottom":"default","ocean_custom_footer_template":"0"},"product_brand":[],"product_cat":[47],"product_tag":[],"class_list":{"0":"post-15977","1":"product","2":"type-product","3":"status-publish","4":"has-post-thumbnail","6":"product_cat-les-oliviers","7":"product_shipping_class-produits-non-livrables","9":"entry","10":"has-media","12":"first","13":"instock","14":"taxable","15":"shipping-taxable","16":"purchasable","17":"product-type-variable","18":"has-product-nav","19":"col","20":"span_1_of_4","21":"owp-content-center","22":"owp-thumbs-layout-horizontal","23":"owp-btn-big","24":"owp-tabs-layout-vertical"},"aioseo_notices":[],"jetpack_sharing_enabled":true,"_links":{"self":[{"href":"https:\/\/oliveraieducoudon.com\/index.php?rest_route=\/wp\/v2\/product\/15977","targetHints":{"allow":["GET"]}}],"collection":[{"href":"https:\/\/oliveraieducoudon.com\/index.php?rest_route=\/wp\/v2\/product"}],"about":[{"href":"https:\/\/oliveraieducoudon.com\/index.php?rest_route=\/wp\/v2\/types\/product"}],"replies":[{"embeddable":true,"href":"https:\/\/oliveraieducoudon.com\/index.php?rest_route=%2Fwp%2Fv2%2Fcomments&post=15977"}],"wp:featuredmedia":[{"embeddable":true,"href":"https:\/\/oliveraieducoudon.com\/index.php?rest_route=\/wp\/v2\/media\/15984"}],"wp:attachment":[{"href":"https:\/\/oliveraieducoudon.com\/index.php?rest_route=%2Fwp%2Fv2%2Fmedia&parent=15977"}],"wp:term":[{"taxonomy":"product_brand","embeddable":true,"href":"https:\/\/oliveraieducoudon.com\/index.php?rest_route=%2Fwp%2Fv2%2Fproduct_brand&post=15977"},{"taxonomy":"product_cat","embeddable":true,"href":"https:\/\/oliveraieducoudon.com\/index.php?rest_route=%2Fwp%2Fv2%2Fproduct_cat&post=15977"},{"taxonomy":"product_tag","embeddable":true,"href":"https:\/\/oliveraieducoudon.com\/index.php?rest_route=%2Fwp%2Fv2%2Fproduct_tag&post=15977"}],"curies":[{"name":"wp","href":"https:\/\/api.w.org\/{rel}","templated":true}]}}