{"id":15826,"date":"2023-11-11T18:57:41","date_gmt":"2023-11-11T17:57:41","guid":{"rendered":"https:\/\/oliveraieducoudon.com\/?post_type=product&#038;p=15826"},"modified":"2025-06-23T14:49:32","modified_gmt":"2025-06-23T12:49:32","slug":"citronnier-yuzu","status":"publish","type":"product","link":"https:\/\/oliveraieducoudon.com\/?product=citronnier-yuzu","title":{"rendered":"CITRONNIER YUZU"},"content":{"rendered":"<h2><span style=\"color: #ff6600;\"><em><strong>YUZU<\/strong><\/em><\/span><\/h2>\n<p>D\u00e9couvrez tout ce qu\u2019il faut savoir sur le yuzu, cet\u00a0<strong>arbre fruitier<\/strong>\u00a0original \u00e0 plus d\u2019un titre.<\/p>\n<h2 id=\"presentation\" data-adslot-top=\"1524.09375\">Le yuzu\u00a0: arbre aux nombreux atouts<\/h2>\n<p><strong>Noms communs<\/strong>\u00a0: Yuzu, citron du Japon<\/p>\n<p>Contrairement aux\u00a0autres agrumes, le yuzu est\u00a0<strong>rustique<\/strong>\u00a0et s\u2019adapte plus facilement \u00e0 notre climat. Au printemps, il offre une floraison tr\u00e8s\u00a0<strong>parfum\u00e9e<\/strong>\u00a0qui donne en automne des fruits en forme de citron aplati \u00e0 la\u00a0<strong>saveur incomparable<\/strong>.<\/p>\n<p>Ses feuilles d\u2019un vert soutenu sont coriaces et r\u00e9sistent bien aux assauts du froid et ses jeunes rameaux ont la particularit\u00e9 d\u2019\u00eatre \u00e9pineux. Attention donc si vous avez des enfants ou des animaux de compagnie.<\/p>\n<p>Enfin, sa\u00a0<strong>croissance lente<\/strong>\u00a0et son\u00a0<strong>port \u00e9troit<\/strong>\u00a0permettent de l\u2019installer m\u00eame dans un petit jardin.<\/p>\n<h2 id=\"plantation\" data-adslot-top=\"1931.2734375\">Plantation du yuzu<\/h2>\n<p>Comme tous les agrumes, le\u00a0<strong>yuzu<\/strong>\u00a0est un\u00a0<strong>arbre<\/strong>\u00a0qui a besoin de\u00a0<strong>soleil<\/strong>\u00a0pour s\u2019\u00e9panouir. Vous devrez donc \u00eatre attentif quant au choix de l\u2019emplacement.<\/p>\n<p>C\u00f4t\u00e9 sol, le\u00a0<em>Citrus<\/em>\u00a0x<em>\u00a0junos<\/em>\u00a0poss\u00e8de quelques exigences\u00a0:<\/p>\n<ul>\n<li>un\u00a0<strong>pH<\/strong>\u00a0acide \u00e0 neutre\u00a0:<\/li>\n<li>une faible r\u00e9tention d\u2019eau\u00a0;<\/li>\n<li>une terre plut\u00f4t\u00a0<strong>l\u00e9g\u00e8re<\/strong>\u00a0et riche en mati\u00e8res organiques.<\/li>\n<\/ul>\n<p>La\u00a0<strong>p\u00e9riode<\/strong>\u00a0de plantation varie en fonction des r\u00e9gions\u00a0:<\/p>\n<ul>\n<li>pour les climats doux, il est possible de le planter en automne et au printemps\u00a0;<\/li>\n<li>pour les r\u00e9gions aux hivers plus rigoureux, pr\u00e9f\u00e9rez une plantation printani\u00e8re.<\/li>\n<\/ul>\n<p>En fonction de vos envies et de votre jardin, vous avez le choix entre une plantation en\u00a0<strong>pleine terre<\/strong>\u00a0ou une culture en\u00a0<strong>pot<\/strong>.<\/p>\n<h3>Rusticit\u00e9 du Yuzu\u00a0:<\/h3>\n<p>Un grand avantage du\u00a0<strong>yuzu<\/strong>\u00a0est sa rusticit\u00e9 qui lui permet de r\u00e9sister \u00e0 des temp\u00e9ratures allant jusque -15\u00a0\u00b0C. N\u00e9anmoins, pour les r\u00e9gions dont les hivers sont rigoureux, limitez l\u2019exposition de votre\u00a0<strong>arbre<\/strong>\u00a0en le\u00a0prot\u00e9geant d\u2019un voile\u00a0ou en l\u2019abritant dans une v\u00e9randa ou une serre s\u2019il est plant\u00e9 en conteneur.<\/p>\n<h3 id=\"pleine terre\">Pleine terre, en ext\u00e9rieur\u00a0:<\/h3>\n<p>Peut\u2011\u00eatre la plus d\u00e9licate, la plantation en pleine terre doit en effet r\u00e9pondre \u00e0 tous les besoins du yuzu. Le pH du sol doit ainsi \u00eatre naturellement acide, car il est compliqu\u00e9 de le modifier.<\/p>\n<p>En revanche, pour les autres conditions, vous pouvez\u00a0<strong>all\u00e9ger<\/strong>\u00a0la terre en y incorporant du sable et du terreau. Ce dernier contribuera \u00e9galement \u00e0 apporter suffisamment de mati\u00e8res organiques pour les besoins de l\u2019arbre.<\/p>\n<p>Lorsque le sol a \u00e9t\u00e9 correctement pr\u00e9par\u00e9 et amend\u00e9, vous pouvez passer \u00e0 la\u00a0<strong>plantation<\/strong>. Pour ce faire, il suffit de\u00a0:<\/p>\n<ol>\n<li>Creuser un trou de 20 \u00e0 30\u00a0cm de profondeur.<\/li>\n<li>Incorporer de nouveau un peu de terreau.<\/li>\n<li><strong>D\u00e9compacter<\/strong>\u00a0la motte d\u00e9licatement en ab\u00eemant le moins possible les racines. Cette op\u00e9ration facilite la propagation des nouvelles racines.<\/li>\n<li>Reboucher le trou en tassant bien au niveau du pied et sans enterrer le collet (partie interm\u00e9diaire situ\u00e9e entre la tige et les racines).<\/li>\n<li>Arroser abondamment.<\/li>\n<\/ol>\n<h3 id=\"pot\">Yuzu en pot\u00a0:<\/h3>\n<p>Ce type de culture est le plus avantageux, car il permet de contr\u00f4ler tous les besoins du\u00a0<strong>yuzu<\/strong>. Son seul inconv\u00e9nient est la n\u00e9cessit\u00e9 de rempoter l\u2019<strong>arbre<\/strong>\u00a0au bout de quelque temps. N\u00e9anmoins, la croissance lente de celui\u2011ci offre quelques ann\u00e9es de tranquillit\u00e9 entre deux\u00a0<strong>rempotages<\/strong>.<\/p>\n<p>Pour planter votre yuzu en pot, vous devez\u00a0:<\/p>\n<ol>\n<li>Vous assurer de la pr\u00e9sence de trous de drainage au fond du r\u00e9ceptacle. S\u2019ils sont absents, cr\u00e9ez\u2011les \u00e0 l\u2019aide d\u2019une perceuse et d\u2019un gros foret.<\/li>\n<li>D\u00e9poser une\u00a0<strong>couche drainante<\/strong>\u00a0de quelques centim\u00e8tres d\u2019\u00e9paisseur. Vous pouvez utiliser des billes d\u2019argile ou du gravier par exemple, mais attention \u00e0 ne pas obstruer les trous lors de cette \u00e9tape. Pour contourner le probl\u00e8me, une technique simple consiste \u00e0 installer un grillage \u00e0 mailles fines au fond du pot.<\/li>\n<li>Ajouter un\u00a0<strong>m\u00e9lange<\/strong>\u00a0de 1\/3 de terre bruy\u00e8re, 1\/3 de terre de jardin et 1\/3 de terreau dans le pot.<\/li>\n<li>Installer le yuzu en prenant soin de bien\u00a0<strong>tasser<\/strong>\u00a0le pied.<\/li>\n<\/ol>\n<p>Conseil malin\u00a0: pour la plantation en pot, ajoutez de la vermiculite (ou perlite) au substrat. Cette mati\u00e8re offre le double avantage de faciliter l\u2019\u00e9vacuation de l\u2019eau tout en retenant suffisamment d\u2019humidit\u00e9 pour les besoins de l\u2019arbre.<\/p>\n<div class=\"optidigital-wrapper-div\">\n<div data-adslot-id=\"optidigital-adslot-Content_2\" data-google-query-id=\"COHl6KjDvIIDFV1QQQIdBiwDwQ\"><\/div>\n<\/div>\n<p><strong><span style=\"color: #0000ff;\">L&rsquo;oliveraie peut vous proposer\u00a0diff\u00e9rents\u00a0pots de\u00a0diff\u00e9rentes\u00a0couleurs pour vos plantes <\/span><\/strong><\/p>\n<p><strong><span style=\"color: #0000ff;\"><span style=\"caret-color: #0000ff;\">Possibilit\u00e9 de\u00a0<\/span>\u00a0vous livrer sur simple demande <\/span><\/strong><\/p>\n<p><strong><span style=\"color: #0000ff;\">Une photo de la plante command\u00e9e vous sera envoy\u00e9e par sms ou mail avant livraison ou retrait\u00a0<\/span><\/strong><\/p>\n","protected":false},"excerpt":{"rendered":"<p>YUZU D\u00e9couvrez tout ce qu\u2019il faut savoir sur le yuzu, cet\u00a0arbre fruitier\u00a0original \u00e0 plus d\u2019un titre. Le yuzu\u00a0: arbre aux nombreux atouts Noms communs\u00a0: Yuzu, citron du Japon Contrairement aux\u00a0autres agrumes, le yuzu est\u00a0rustique\u00a0et s\u2019adapte plus facilement \u00e0 notre climat. Au printemps, il offre une floraison tr\u00e8s\u00a0parfum\u00e9e\u00a0qui donne en automne des fruits en forme de [&hellip;]<\/p>\n","protected":false},"featured_media":15836,"comment_status":"open","ping_status":"closed","template":"","meta":{"om_disable_all_campaigns":false,"_monsterinsights_skip_tracking":false,"_monsterinsights_sitenote_active":false,"_monsterinsights_sitenote_note":"","_monsterinsights_sitenote_category":0,"ocean_post_layout":"","ocean_both_sidebars_style":"","ocean_both_sidebars_content_width":0,"ocean_both_sidebars_sidebars_width":0,"ocean_sidebar":"0","ocean_second_sidebar":"0","ocean_disable_margins":"enable","ocean_add_body_class":"","ocean_shortcode_before_top_bar":"","ocean_shortcode_after_top_bar":"","ocean_shortcode_before_header":"","ocean_shortcode_after_header":"","ocean_has_shortcode":"","ocean_shortcode_after_title":"","ocean_shortcode_before_footer_widgets":"","ocean_shortcode_after_footer_widgets":"","ocean_shortcode_before_footer_bottom":"","ocean_shortcode_after_footer_bottom":"","ocean_display_top_bar":"default","ocean_display_header":"default","ocean_header_style":"","ocean_center_header_left_menu":"0","ocean_custom_header_template":"0","ocean_custom_logo":0,"ocean_custom_retina_logo":0,"ocean_custom_logo_max_width":0,"ocean_custom_logo_tablet_max_width":0,"ocean_custom_logo_mobile_max_width":0,"ocean_custom_logo_max_height":0,"ocean_custom_logo_tablet_max_height":0,"ocean_custom_logo_mobile_max_height":0,"ocean_header_custom_menu":"0","ocean_menu_typo_font_family":"0","ocean_menu_typo_font_subset":"","ocean_menu_typo_font_size":0,"ocean_menu_typo_font_size_tablet":0,"ocean_menu_typo_font_size_mobile":0,"ocean_menu_typo_font_size_unit":"px","ocean_menu_typo_font_weight":"","ocean_menu_typo_font_weight_tablet":"","ocean_menu_typo_font_weight_mobile":"","ocean_menu_typo_transform":"","ocean_menu_typo_transform_tablet":"","ocean_menu_typo_transform_mobile":"","ocean_menu_typo_line_height":0,"ocean_menu_typo_line_height_tablet":0,"ocean_menu_typo_line_height_mobile":0,"ocean_menu_typo_line_height_unit":"","ocean_menu_typo_spacing":0,"ocean_menu_typo_spacing_tablet":0,"ocean_menu_typo_spacing_mobile":0,"ocean_menu_typo_spacing_unit":"","ocean_menu_link_color":"","ocean_menu_link_color_hover":"","ocean_menu_link_color_active":"","ocean_menu_link_background":"","ocean_menu_link_hover_background":"","ocean_menu_link_active_background":"","ocean_menu_social_links_bg":"","ocean_menu_social_hover_links_bg":"","ocean_menu_social_links_color":"","ocean_menu_social_hover_links_color":"","ocean_disable_title":"default","ocean_disable_heading":"default","ocean_post_title":"","ocean_post_subheading":"","ocean_post_title_style":"","ocean_post_title_background_color":"","ocean_post_title_background":0,"ocean_post_title_bg_image_position":"","ocean_post_title_bg_image_attachment":"","ocean_post_title_bg_image_repeat":"","ocean_post_title_bg_image_size":"","ocean_post_title_height":0,"ocean_post_title_bg_overlay":0.5,"ocean_post_title_bg_overlay_color":"","ocean_disable_breadcrumbs":"default","ocean_breadcrumbs_color":"","ocean_breadcrumbs_separator_color":"","ocean_breadcrumbs_links_color":"","ocean_breadcrumbs_links_hover_color":"","ocean_display_footer_widgets":"default","ocean_display_footer_bottom":"default","ocean_custom_footer_template":"0"},"product_brand":[],"product_cat":[50],"product_tag":[],"class_list":{"0":"post-15826","1":"product","2":"type-product","3":"status-publish","4":"has-post-thumbnail","6":"product_cat-les-agrumes","7":"product_shipping_class-produits-non-livrables","9":"entry","10":"has-media","12":"first","13":"instock","14":"taxable","15":"shipping-taxable","16":"purchasable","17":"product-type-variable","18":"has-product-nav","19":"col","20":"span_1_of_4","21":"owp-content-center","22":"owp-thumbs-layout-horizontal","23":"owp-btn-big","24":"owp-tabs-layout-vertical"},"aioseo_notices":[],"jetpack_sharing_enabled":true,"_links":{"self":[{"href":"https:\/\/oliveraieducoudon.com\/index.php?rest_route=\/wp\/v2\/product\/15826","targetHints":{"allow":["GET"]}}],"collection":[{"href":"https:\/\/oliveraieducoudon.com\/index.php?rest_route=\/wp\/v2\/product"}],"about":[{"href":"https:\/\/oliveraieducoudon.com\/index.php?rest_route=\/wp\/v2\/types\/product"}],"replies":[{"embeddable":true,"href":"https:\/\/oliveraieducoudon.com\/index.php?rest_route=%2Fwp%2Fv2%2Fcomments&post=15826"}],"wp:featuredmedia":[{"embeddable":true,"href":"https:\/\/oliveraieducoudon.com\/index.php?rest_route=\/wp\/v2\/media\/15836"}],"wp:attachment":[{"href":"https:\/\/oliveraieducoudon.com\/index.php?rest_route=%2Fwp%2Fv2%2Fmedia&parent=15826"}],"wp:term":[{"taxonomy":"product_brand","embeddable":true,"href":"https:\/\/oliveraieducoudon.com\/index.php?rest_route=%2Fwp%2Fv2%2Fproduct_brand&post=15826"},{"taxonomy":"product_cat","embeddable":true,"href":"https:\/\/oliveraieducoudon.com\/index.php?rest_route=%2Fwp%2Fv2%2Fproduct_cat&post=15826"},{"taxonomy":"product_tag","embeddable":true,"href":"https:\/\/oliveraieducoudon.com\/index.php?rest_route=%2Fwp%2Fv2%2Fproduct_tag&post=15826"}],"curies":[{"name":"wp","href":"https:\/\/api.w.org\/{rel}","templated":true}]}}