{"id":15597,"date":"2023-11-11T16:16:35","date_gmt":"2023-11-11T15:16:35","guid":{"rendered":"https:\/\/oliveraieducoudon.com\/?post_type=product&#038;p=15597"},"modified":"2023-11-21T10:57:04","modified_gmt":"2023-11-21T09:57:04","slug":"bergamote","status":"publish","type":"product","link":"https:\/\/oliveraieducoudon.com\/?product=bergamote","title":{"rendered":"BERGAMOTE"},"content":{"rendered":"<h3><span style=\"color: #ff0000;\">BERGAMOTE<\/span><\/h3>\n<h2 class=\"c-title--great--double-margin\">CITRONNIER BERGAMOTE<\/h2>\n<div class=\"c-wysiwyg\">\n<h3>Un Citronnier tr\u00e8s riche en Huiles essentielles<\/h3>\n<p>Principalement connue pour sa production riche en Huiles essentielles, la Bergamote est un citronnier vigoureux avec un feuillage persistant, vert et aromatique. La grande floraison blanche et parfum\u00e9e s&rsquo;\u00e9panouit au d\u00e9but de l&rsquo;\u00e9t\u00e9 : en Mai-Juin. Les feuilles comme les fleurs sont comestibles et sont le plus souvent utilis\u00e9es en infusions ou pour parfumer les plats. Les fruits l\u00e9g\u00e8rement acides apparaissent souvent en grappes. On les r\u00e9colte entre Novembre et Janvier.<\/p>\n<p>&nbsp;<\/p>\n<p>Les fruits de la\u00a0<strong>Bergamote Castagnaro<\/strong>\u00a0ont une forme de m\u00e9lange entre l&rsquo;orange et le citron. La peau est lisse et assez \u00e9paisse, tr\u00e8s riche en huiles essentielles. La puple est peu juteuse et acide. On utilise la peau ou la pulpe en infusion ou dans un th\u00e9. Pour avoir une bonne huile essentielle, l&rsquo;\u00e9t\u00e9 doit \u00eatre chaud (environ 25\u00b0C) et assez long, avec une amplitude marqu\u00e9e entre le jour et la nuit. On arrose r\u00e9guli\u00e8rement. C&rsquo;est l&rsquo;agrume le plus recherch\u00e9 en parfumerie.<\/p>\n<p>&nbsp;<\/p>\n<p>Le\u00a0<strong>Citronnier Bergamote<\/strong>\u00a0aime les expositions ensoleill\u00e9es et chaudes ainsi qu&rsquo;un sol drain\u00e9 et riche. Peu rustique (-5\u00b0C), on l&rsquo;hivernera dans une serre froide, une v\u00e9randa ou un garage lumineux. D\u00e9couvrez aussi\u00a0\u25baTous les Citronniers.<\/p>\n<p><em>Le saviez-vous ? C&rsquo;est l&rsquo;huile essentielle de\u00a0<strong>Bergamote<\/strong>\u00a0qui \u00e9tait utilis\u00e9e dans l&rsquo;eau de Cologne.<\/em><\/p>\n<\/div>\n<p>&nbsp;<\/p>\n<p><strong><span style=\"color: #0000ff;\">L&rsquo;oliveraie peut vous proposer\u00a0diff\u00e9rents\u00a0pots de\u00a0diff\u00e9rentes\u00a0couleurs pour vos plantes ainsi de vous livrer sur simple demande <\/span><\/strong><br \/>\n<strong><span style=\"color: #0000ff;\">Une photo de la plante command\u00e9e vous sera envoy\u00e9e par sms ou mail avant livraison ou retrait\u00a0<\/span><\/strong><\/p>\n","protected":false},"excerpt":{"rendered":"<p>BERGAMOTE CITRONNIER BERGAMOTE Un Citronnier tr\u00e8s riche en Huiles essentielles Principalement connue pour sa production riche en Huiles essentielles, la Bergamote est un citronnier vigoureux avec un feuillage persistant, vert et aromatique. La grande floraison blanche et parfum\u00e9e s&rsquo;\u00e9panouit au d\u00e9but de l&rsquo;\u00e9t\u00e9 : en Mai-Juin. Les feuilles comme les fleurs sont comestibles et sont [&hellip;]<\/p>\n","protected":false},"featured_media":15618,"comment_status":"open","ping_status":"closed","template":"","meta":{"om_disable_all_campaigns":false,"_monsterinsights_skip_tracking":false,"_monsterinsights_sitenote_active":false,"_monsterinsights_sitenote_note":"","_monsterinsights_sitenote_category":0,"ocean_post_layout":"","ocean_both_sidebars_style":"","ocean_both_sidebars_content_width":0,"ocean_both_sidebars_sidebars_width":0,"ocean_sidebar":"0","ocean_second_sidebar":"0","ocean_disable_margins":"enable","ocean_add_body_class":"","ocean_shortcode_before_top_bar":"","ocean_shortcode_after_top_bar":"","ocean_shortcode_before_header":"","ocean_shortcode_after_header":"","ocean_has_shortcode":"","ocean_shortcode_after_title":"","ocean_shortcode_before_footer_widgets":"","ocean_shortcode_after_footer_widgets":"","ocean_shortcode_before_footer_bottom":"","ocean_shortcode_after_footer_bottom":"","ocean_display_top_bar":"default","ocean_display_header":"default","ocean_header_style":"","ocean_center_header_left_menu":"0","ocean_custom_header_template":"0","ocean_custom_logo":0,"ocean_custom_retina_logo":0,"ocean_custom_logo_max_width":0,"ocean_custom_logo_tablet_max_width":0,"ocean_custom_logo_mobile_max_width":0,"ocean_custom_logo_max_height":0,"ocean_custom_logo_tablet_max_height":0,"ocean_custom_logo_mobile_max_height":0,"ocean_header_custom_menu":"0","ocean_menu_typo_font_family":"0","ocean_menu_typo_font_subset":"","ocean_menu_typo_font_size":0,"ocean_menu_typo_font_size_tablet":0,"ocean_menu_typo_font_size_mobile":0,"ocean_menu_typo_font_size_unit":"px","ocean_menu_typo_font_weight":"","ocean_menu_typo_font_weight_tablet":"","ocean_menu_typo_font_weight_mobile":"","ocean_menu_typo_transform":"","ocean_menu_typo_transform_tablet":"","ocean_menu_typo_transform_mobile":"","ocean_menu_typo_line_height":0,"ocean_menu_typo_line_height_tablet":0,"ocean_menu_typo_line_height_mobile":0,"ocean_menu_typo_line_height_unit":"","ocean_menu_typo_spacing":0,"ocean_menu_typo_spacing_tablet":0,"ocean_menu_typo_spacing_mobile":0,"ocean_menu_typo_spacing_unit":"","ocean_menu_link_color":"","ocean_menu_link_color_hover":"","ocean_menu_link_color_active":"","ocean_menu_link_background":"","ocean_menu_link_hover_background":"","ocean_menu_link_active_background":"","ocean_menu_social_links_bg":"","ocean_menu_social_hover_links_bg":"","ocean_menu_social_links_color":"","ocean_menu_social_hover_links_color":"","ocean_disable_title":"default","ocean_disable_heading":"default","ocean_post_title":"","ocean_post_subheading":"","ocean_post_title_style":"","ocean_post_title_background_color":"","ocean_post_title_background":0,"ocean_post_title_bg_image_position":"","ocean_post_title_bg_image_attachment":"","ocean_post_title_bg_image_repeat":"","ocean_post_title_bg_image_size":"","ocean_post_title_height":0,"ocean_post_title_bg_overlay":0.5,"ocean_post_title_bg_overlay_color":"","ocean_disable_breadcrumbs":"default","ocean_breadcrumbs_color":"","ocean_breadcrumbs_separator_color":"","ocean_breadcrumbs_links_color":"","ocean_breadcrumbs_links_hover_color":"","ocean_display_footer_widgets":"default","ocean_display_footer_bottom":"default","ocean_custom_footer_template":"0"},"product_brand":[],"product_cat":[50],"product_tag":[],"class_list":{"0":"post-15597","1":"product","2":"type-product","3":"status-publish","4":"has-post-thumbnail","6":"product_cat-les-agrumes","7":"product_shipping_class-produits-non-livrables","9":"entry","10":"has-media","12":"first","13":"instock","14":"taxable","15":"shipping-taxable","16":"purchasable","17":"product-type-variable","18":"has-product-nav","19":"col","20":"span_1_of_4","21":"owp-content-center","22":"owp-thumbs-layout-horizontal","23":"owp-btn-big","24":"owp-tabs-layout-vertical"},"aioseo_notices":[],"jetpack_sharing_enabled":true,"_links":{"self":[{"href":"https:\/\/oliveraieducoudon.com\/index.php?rest_route=\/wp\/v2\/product\/15597","targetHints":{"allow":["GET"]}}],"collection":[{"href":"https:\/\/oliveraieducoudon.com\/index.php?rest_route=\/wp\/v2\/product"}],"about":[{"href":"https:\/\/oliveraieducoudon.com\/index.php?rest_route=\/wp\/v2\/types\/product"}],"replies":[{"embeddable":true,"href":"https:\/\/oliveraieducoudon.com\/index.php?rest_route=%2Fwp%2Fv2%2Fcomments&post=15597"}],"wp:featuredmedia":[{"embeddable":true,"href":"https:\/\/oliveraieducoudon.com\/index.php?rest_route=\/wp\/v2\/media\/15618"}],"wp:attachment":[{"href":"https:\/\/oliveraieducoudon.com\/index.php?rest_route=%2Fwp%2Fv2%2Fmedia&parent=15597"}],"wp:term":[{"taxonomy":"product_brand","embeddable":true,"href":"https:\/\/oliveraieducoudon.com\/index.php?rest_route=%2Fwp%2Fv2%2Fproduct_brand&post=15597"},{"taxonomy":"product_cat","embeddable":true,"href":"https:\/\/oliveraieducoudon.com\/index.php?rest_route=%2Fwp%2Fv2%2Fproduct_cat&post=15597"},{"taxonomy":"product_tag","embeddable":true,"href":"https:\/\/oliveraieducoudon.com\/index.php?rest_route=%2Fwp%2Fv2%2Fproduct_tag&post=15597"}],"curies":[{"name":"wp","href":"https:\/\/api.w.org\/{rel}","templated":true}]}}