{"id":15107,"date":"2023-11-08T17:05:09","date_gmt":"2023-11-08T16:05:09","guid":{"rendered":"https:\/\/oliveraieducoudon.com\/?post_type=product&#038;p=15107"},"modified":"2023-11-21T10:57:07","modified_gmt":"2023-11-21T09:57:07","slug":"licuala","status":"publish","type":"product","link":"https:\/\/oliveraieducoudon.com\/?product=licuala","title":{"rendered":"LICUALA"},"content":{"rendered":"<p><span style=\"color: #008000;\"><em><strong>LICUALA<\/strong><\/em><\/span><\/p>\n<p><span style=\"color: #000000;\"><em>Licuala grandis est une esp\u00e8ce de la famille des Arecaceae; les palmiers. Le Licuala grandis est reconnaissable entre mille avec son feuillage aux grandes feuilles pliss\u00e9es d&rsquo;un vert brillant sur ses tiges \u00e9lanc\u00e9es.<\/em><\/span><\/p>\n<p>En tant que plante d\u2019int\u00e9rieur, les plants de\u00a0<em>Licuala grandis<\/em>, sont g\u00e9n\u00e9ralement jeunes, n\u2019ayant pas encore form\u00e9 leur stipe. Leur feuillage vert vif est de toute beaut\u00e9.<\/p>\n<p>\u00c2g\u00e9 de 15 ans,\u00a0<em>Licuala grandis<\/em>\u00a0est capable de fleurir et de fructifier. Les fleurs naissent en grappes jaunes, sous la couronne de feuilles. Elles produisent ensuite de petits fruits ronds en automne qui renferment des graines de 5\u00a0mm de diam\u00e8tre.<\/p>\n<h2>Comment cultiver le palmier cuill\u00e8re\u2009?<\/h2>\n<p><em>Licuala grandis<\/em>\u00a0n\u2019est pas le plus facile des palmiers \u00e0 cultiver. Il est rempot\u00e9 dans un m\u00e9lange sablonneux et\u00a0<dfn title=\"riche en humus\">humif\u00e8re<\/dfn>, par exemple de la terre \u00e0 agrumes, qui lui assure un\u00a0<dfn title=\"se dit de l'op\u00e9ration qui a pour but d'assainir un sol gorg\u00e9 d'eau en modifiant la zone d'\u00e9coulement des eaux de pluie ou en la d\u00e9tournant par exemple. Le drainage peut \u00eatre effectu\u00e9 gr\u00e2ce \u00e0 l'apport de mat\u00e9riaux drainants (pierres, sable, graviers, pouzzolane, perlite...) en pleine terre mais \u00e9galement dans un pot pour \u00e9viter le ph\u00e9nom\u00e8ne d'asphyxie des racines.\">drainage<\/dfn>\u00a0parfait et\u00a0un apport en mati\u00e8re organique. Le secret du maintien de\u00a0<em>Licuala grandis<\/em>\u00a0en culture est un arrosage pr\u00e9cis. Le sol doit rester frais en permanence, mais ne jamais \u00eatre gorg\u00e9 d\u2019eau. L\u2019eau doit s\u2019\u00e9vacuer librement du pot. Les arrosages seront faits \u00e0 l\u2019eau douce, d\u00e8s que la surface du\u00a0<dfn title=\"c'est un support de culture compos\u00e9 de diff\u00e9rents mat\u00e9riaux permettant aux racines des plantes de se fixer\">substrat<\/dfn>\u00a0commence \u00e0 s\u00e9cher.<\/p>\n<p>Lorsqu\u2019il est jeune,\u00a0<em>Licuala grandis<\/em>\u00a0ne supporte pas le soleil direct, mais demande une\u00a0<dfn title=\"indique l'orientation des plantes par rapport au soleil\">exposition<\/dfn>\u00a0lumineuse. Adulte, il appr\u00e9cie du soleil direct une partie de la journ\u00e9e, tant qu\u2019il ne devient pas brulant ou dess\u00e9chant.<\/p>\n<p>Les temp\u00e9ratures d\u2019un int\u00e9rieur, stables, toujours sup\u00e9rieures \u00e0 15\u00a0\u00b0C lui conviennent parfaitement. Cependant, le palmier cuill\u00e8re demande une certaine humidit\u00e9 atmosph\u00e9rique\u00a0: soit son pot est pos\u00e9 sur un plateau de billes d\u2019argile et d\u2019eau, pour que celle-ci s\u2019\u00e9vapore lentement, soit au milieu d\u2019un ensemble de plantes qui cr\u00e9e un microclimat plus favorable que l\u2019air sec d\u2019une maison. En hiver, des humidificateurs d\u2019air peuvent \u00eatre pos\u00e9s sur les radiateurs. Pour autant,\u00a0<em>Licuala grandis<\/em>\u00a0n\u2019appr\u00e9cie pas les brumisations. Lorsque le palmier cuill\u00e8re manque d\u2019humidit\u00e9 atmosph\u00e9rique, ses feuilles se dess\u00e8chent \u00e0 partir des pointes, puis compl\u00e8tement. Ce d\u00e9p\u00e9rissement des feuilles peut aussi survenir juste apr\u00e8s l\u2019achat,\u00a0<em>Licuala grandis<\/em>\u00a0peinant \u00e0 passer d\u2019une serre de production \u00e0 un appartement.<\/p>\n<p>Le palmier cuill\u00e8re ne supporte la culture en ext\u00e9rieur que si la temp\u00e9rature ne descend pas sous les 3\u00a0\u00b0C en hiver, et s\u2019il est bien prot\u00e9g\u00e9 du vent dess\u00e9chant.<\/p>\n<h2>Entretien de\u00a0<em>Licuala grandis<\/em><\/h2>\n<p><em>Licuala grandis<\/em>\u00a0est de croissance assez lente, de l\u2019ordre de quelques feuilles par an, mais il est pourtant assez\u00a0<dfn title=\"se dit d'un rameau d'une exceptionnelle vigueur qui, en raison de sa position, b\u00e9n\u00e9ficie d'un grand afflux de s\u00e8ve et se d\u00e9veloppe au d\u00e9triment des autres parties a\u00e9riennes. Le gourmand est souvent pr\u00e9sent \u00e0 la base des troncs, notamment sous le point de greffe s'il s'agit d'une plante greff\u00e9e. Il peut \u00e9galement se trouver sur une branche ou \u00e0 l'aisselle d'une tige comme sur la tomate. Les gourmands doivent \u00eatre taill\u00e9s \u00e0 leurs bases pour \u00e9viter qu'ils n'affaiblissent la plante.\">gourmand<\/dfn>.\u00a0Un rempotage est conseill\u00e9 tous les printemps\u00a0et\u00a0des apports d\u2019engrais\u00a0seront d\u00e9livr\u00e9s pendant la p\u00e9riode de croissance tous les 15 jours.<\/p>\n<p>&nbsp;<\/p>\n<p><strong><span style=\"color: #0000ff;\">L&rsquo;oliveraie peut vous proposer\u00a0diff\u00e9rents\u00a0pots de\u00a0diff\u00e9rentes\u00a0couleurs pour vos plantes ainsi de vous livrer sur simple demande <\/span><\/strong><br \/>\n<strong><span style=\"color: #0000ff;\">Une photo de la plante command\u00e9e vous sera envoy\u00e9e par sms ou mail avant livraison ou retrait\u00a0<\/span><\/strong><\/p>\n<p>&nbsp;<\/p>\n<p>&nbsp;<\/p>\n","protected":false},"excerpt":{"rendered":"<p>LICUALA Licuala grandis est une esp\u00e8ce de la famille des Arecaceae; les palmiers. Le Licuala grandis est reconnaissable entre mille avec son feuillage aux grandes feuilles pliss\u00e9es d&rsquo;un vert brillant sur ses tiges \u00e9lanc\u00e9es. En tant que plante d\u2019int\u00e9rieur, les plants de\u00a0Licuala grandis, sont g\u00e9n\u00e9ralement jeunes, n\u2019ayant pas encore form\u00e9 leur stipe. Leur feuillage vert [&hellip;]<\/p>\n","protected":false},"featured_media":15121,"comment_status":"open","ping_status":"closed","template":"","meta":{"om_disable_all_campaigns":false,"_monsterinsights_skip_tracking":false,"_monsterinsights_sitenote_active":false,"_monsterinsights_sitenote_note":"","_monsterinsights_sitenote_category":0,"ocean_post_layout":"","ocean_both_sidebars_style":"","ocean_both_sidebars_content_width":0,"ocean_both_sidebars_sidebars_width":0,"ocean_sidebar":"0","ocean_second_sidebar":"0","ocean_disable_margins":"enable","ocean_add_body_class":"","ocean_shortcode_before_top_bar":"","ocean_shortcode_after_top_bar":"","ocean_shortcode_before_header":"","ocean_shortcode_after_header":"","ocean_has_shortcode":"","ocean_shortcode_after_title":"","ocean_shortcode_before_footer_widgets":"","ocean_shortcode_after_footer_widgets":"","ocean_shortcode_before_footer_bottom":"","ocean_shortcode_after_footer_bottom":"","ocean_display_top_bar":"default","ocean_display_header":"default","ocean_header_style":"","ocean_center_header_left_menu":"0","ocean_custom_header_template":"0","ocean_custom_logo":0,"ocean_custom_retina_logo":0,"ocean_custom_logo_max_width":0,"ocean_custom_logo_tablet_max_width":0,"ocean_custom_logo_mobile_max_width":0,"ocean_custom_logo_max_height":0,"ocean_custom_logo_tablet_max_height":0,"ocean_custom_logo_mobile_max_height":0,"ocean_header_custom_menu":"0","ocean_menu_typo_font_family":"0","ocean_menu_typo_font_subset":"","ocean_menu_typo_font_size":0,"ocean_menu_typo_font_size_tablet":0,"ocean_menu_typo_font_size_mobile":0,"ocean_menu_typo_font_size_unit":"px","ocean_menu_typo_font_weight":"","ocean_menu_typo_font_weight_tablet":"","ocean_menu_typo_font_weight_mobile":"","ocean_menu_typo_transform":"","ocean_menu_typo_transform_tablet":"","ocean_menu_typo_transform_mobile":"","ocean_menu_typo_line_height":0,"ocean_menu_typo_line_height_tablet":0,"ocean_menu_typo_line_height_mobile":0,"ocean_menu_typo_line_height_unit":"","ocean_menu_typo_spacing":0,"ocean_menu_typo_spacing_tablet":0,"ocean_menu_typo_spacing_mobile":0,"ocean_menu_typo_spacing_unit":"","ocean_menu_link_color":"","ocean_menu_link_color_hover":"","ocean_menu_link_color_active":"","ocean_menu_link_background":"","ocean_menu_link_hover_background":"","ocean_menu_link_active_background":"","ocean_menu_social_links_bg":"","ocean_menu_social_hover_links_bg":"","ocean_menu_social_links_color":"","ocean_menu_social_hover_links_color":"","ocean_disable_title":"default","ocean_disable_heading":"default","ocean_post_title":"","ocean_post_subheading":"","ocean_post_title_style":"","ocean_post_title_background_color":"","ocean_post_title_background":0,"ocean_post_title_bg_image_position":"","ocean_post_title_bg_image_attachment":"","ocean_post_title_bg_image_repeat":"","ocean_post_title_bg_image_size":"","ocean_post_title_height":0,"ocean_post_title_bg_overlay":0.5,"ocean_post_title_bg_overlay_color":"","ocean_disable_breadcrumbs":"default","ocean_breadcrumbs_color":"","ocean_breadcrumbs_separator_color":"","ocean_breadcrumbs_links_color":"","ocean_breadcrumbs_links_hover_color":"","ocean_display_footer_widgets":"default","ocean_display_footer_bottom":"default","ocean_custom_footer_template":"0"},"product_brand":[],"product_cat":[48],"product_tag":[],"class_list":{"0":"post-15107","1":"product","2":"type-product","3":"status-publish","4":"has-post-thumbnail","6":"product_cat-les-plantes-dinterieur","7":"product_shipping_class-produits-non-livrables","9":"entry","10":"has-media","12":"first","13":"instock","14":"taxable","15":"shipping-taxable","16":"purchasable","17":"product-type-variable","18":"has-product-nav","19":"col","20":"span_1_of_4","21":"owp-content-center","22":"owp-thumbs-layout-horizontal","23":"owp-btn-big","24":"owp-tabs-layout-vertical","25":"has-no-thumbnails"},"aioseo_notices":[],"jetpack_sharing_enabled":true,"_links":{"self":[{"href":"https:\/\/oliveraieducoudon.com\/index.php?rest_route=\/wp\/v2\/product\/15107","targetHints":{"allow":["GET"]}}],"collection":[{"href":"https:\/\/oliveraieducoudon.com\/index.php?rest_route=\/wp\/v2\/product"}],"about":[{"href":"https:\/\/oliveraieducoudon.com\/index.php?rest_route=\/wp\/v2\/types\/product"}],"replies":[{"embeddable":true,"href":"https:\/\/oliveraieducoudon.com\/index.php?rest_route=%2Fwp%2Fv2%2Fcomments&post=15107"}],"wp:featuredmedia":[{"embeddable":true,"href":"https:\/\/oliveraieducoudon.com\/index.php?rest_route=\/wp\/v2\/media\/15121"}],"wp:attachment":[{"href":"https:\/\/oliveraieducoudon.com\/index.php?rest_route=%2Fwp%2Fv2%2Fmedia&parent=15107"}],"wp:term":[{"taxonomy":"product_brand","embeddable":true,"href":"https:\/\/oliveraieducoudon.com\/index.php?rest_route=%2Fwp%2Fv2%2Fproduct_brand&post=15107"},{"taxonomy":"product_cat","embeddable":true,"href":"https:\/\/oliveraieducoudon.com\/index.php?rest_route=%2Fwp%2Fv2%2Fproduct_cat&post=15107"},{"taxonomy":"product_tag","embeddable":true,"href":"https:\/\/oliveraieducoudon.com\/index.php?rest_route=%2Fwp%2Fv2%2Fproduct_tag&post=15107"}],"curies":[{"name":"wp","href":"https:\/\/api.w.org\/{rel}","templated":true}]}}