{"id":15089,"date":"2023-11-08T16:42:03","date_gmt":"2023-11-08T15:42:03","guid":{"rendered":"https:\/\/oliveraieducoudon.com\/?post_type=product&#038;p=15089"},"modified":"2023-11-21T10:57:07","modified_gmt":"2023-11-21T09:57:07","slug":"kentia","status":"publish","type":"product","link":"https:\/\/oliveraieducoudon.com\/?product=kentia","title":{"rendered":"KENTIA"},"content":{"rendered":"<p><em><strong><span style=\"color: #008000;\">KENTIA<\/span><\/strong><\/em><\/p>\n<p>Le\u00a0<b>Kentia<\/b>\u00a0(<i>Howea forsteriana<\/i>) est une\u00a0esp\u00e8ce\u00a0de plantes de la\u00a0famille\u00a0des\u00a0<i>Arecaceae<\/i>\u00a0(Palmiers),\u00a0end\u00e9mique\u00a0sur l&rsquo;\u00eele Lord Howe\u00a0(Est de l&rsquo;Australie).<br \/>\nIl est tr\u00e8s utilis\u00e9 en d\u00e9coration int\u00e9rieure. Quelques sujets sont pr\u00e9sents dans les zones les plus chaudes de la\u00a0M\u00e9diterran\u00e9e\u00a0comme \u00e0 Monaco, Menton, Sicile&#8230;<br \/>\nSouvent vendu en pot de plusieurs pieds, il est compos\u00e9 d&rsquo;un tronc d&rsquo;o\u00f9 partent des\u00a0p\u00e9tioles\u00a0surmont\u00e9s de grandes feuilles.<br \/>\nLe Kentia appr\u00e9cie la forte luminosit\u00e9 et demande d&rsquo;\u00eatre vaporis\u00e9 r\u00e9guli\u00e8rement durant l&rsquo;hiver<\/p>\n<p><strong>L\u2019emplacement<\/strong><br \/>\nInstallez votre kentia dans un espace lumineux mais sans plus, il s\u2019accommodera m\u00eame d\u2019une ombre l\u00e9g\u00e8re.<\/p>\n<p><strong>Une indication ?<\/strong> Si la teinte du feuillage s\u2019\u00e9claircit consid\u00e9rablement, votre kentia manque de lumi\u00e8re.<br \/>\nS\u2019il aime des ambiances temp\u00e9r\u00e9es \u00e0 la belle saison, autour de 24\u00b0C, il appr\u00e9ciera un peu de fra\u00eecheur en hiver. Placez-le dans une v\u00e9randa o\u00f9 la temp\u00e9rature ne descend pas en dessous des 15\u00b0C.<br \/>\nEn \u00e9t\u00e9, vous pouvez \u00e9galement installer votre palmier kentia en ext\u00e9rieur dans un coin frais et ombrag\u00e9 du jardin, bien \u00e0 l\u2019abri du vent.<\/p>\n<p><strong>L\u2019arrosage<\/strong><br \/>\nLe kentia appr\u00e9cie un arrosage abondant, g\u00e9n\u00e9ralement 2 fois par semaine en p\u00e9riode de chaleur. <strong>Un rep\u00e8re ?<\/strong> Ne laissez pas la surface de la motte se dess\u00e9cher totalement. D\u00e8s lors que les temp\u00e9ratures descendent en-dessous de 16\u00b0C, ralentissez l\u2019arrosage. Un apport d\u2019eau tous les 15 jours en hiver suffira.<br \/>\nQuelques indications vous aideront \u00e0 <strong>rep\u00e9rer un taux d\u2019humidit\u00e9 inad\u00e9quat<\/strong>. Les extr\u00e9mit\u00e9s des palmes brunissent ?\u00a0L\u2019atmosph\u00e8re est trop s\u00e8che, vaporisez le feuillage avec de l\u2019eau de pluie ou une eau du robinet que vous aurez laiss\u00e9e reposer plusieurs heures pour que le calcaire se d\u00e9pose au fond. Vous pouvez \u00e9galement profiter d\u2019une petite pluie estivale pour sortir votre palmier kentia.<\/p>\n<p><strong>La fertilisation<\/strong><br \/>\nPour favoriser la croissance, lente il faut le dire, apportez un engrais \u00e0 lib\u00e9ration lente deux fois par an, au printemps et en \u00e9t\u00e9.<\/p>\n<p><strong>La taille<\/strong><br \/>\nElle est inutile. Proc\u00e9dez par contre \u00e0 un nettoyage r\u00e9gulier : coupez les feuilles mortes \u00e0 la base au fur et \u00e0 mesure ; coupez les extr\u00e9mit\u00e9s ab\u00eem\u00e9es des feuilles avec un ciseau d\u00e9sinfect\u00e9.<\/p>\n<p><strong><span style=\"color: #0000ff;\">L&rsquo;oliveraie peut vous proposer\u00a0diff\u00e9rents\u00a0pots de\u00a0diff\u00e9rentes\u00a0couleurs pour vos plantes ainsi de vous livrer sur simple demande <\/span><\/strong><br \/>\n<strong><span style=\"color: #0000ff;\">Une photo de la plante command\u00e9e vous sera envoy\u00e9e par sms ou mail avant livraison ou retrait\u00a0<\/span><\/strong><\/p>\n<p>&nbsp;<\/p>\n<p>&nbsp;<\/p>\n","protected":false},"excerpt":{"rendered":"<p>KENTIA Le\u00a0Kentia\u00a0(Howea forsteriana) est une\u00a0esp\u00e8ce\u00a0de plantes de la\u00a0famille\u00a0des\u00a0Arecaceae\u00a0(Palmiers),\u00a0end\u00e9mique\u00a0sur l&rsquo;\u00eele Lord Howe\u00a0(Est de l&rsquo;Australie). Il est tr\u00e8s utilis\u00e9 en d\u00e9coration int\u00e9rieure. Quelques sujets sont pr\u00e9sents dans les zones les plus chaudes de la\u00a0M\u00e9diterran\u00e9e\u00a0comme \u00e0 Monaco, Menton, Sicile&#8230; Souvent vendu en pot de plusieurs pieds, il est compos\u00e9 d&rsquo;un tronc d&rsquo;o\u00f9 partent des\u00a0p\u00e9tioles\u00a0surmont\u00e9s de grandes feuilles. Le [&hellip;]<\/p>\n","protected":false},"featured_media":15103,"comment_status":"open","ping_status":"closed","template":"","meta":{"om_disable_all_campaigns":false,"_monsterinsights_skip_tracking":false,"_monsterinsights_sitenote_active":false,"_monsterinsights_sitenote_note":"","_monsterinsights_sitenote_category":0,"ocean_post_layout":"","ocean_both_sidebars_style":"","ocean_both_sidebars_content_width":0,"ocean_both_sidebars_sidebars_width":0,"ocean_sidebar":"0","ocean_second_sidebar":"0","ocean_disable_margins":"enable","ocean_add_body_class":"","ocean_shortcode_before_top_bar":"","ocean_shortcode_after_top_bar":"","ocean_shortcode_before_header":"","ocean_shortcode_after_header":"","ocean_has_shortcode":"","ocean_shortcode_after_title":"","ocean_shortcode_before_footer_widgets":"","ocean_shortcode_after_footer_widgets":"","ocean_shortcode_before_footer_bottom":"","ocean_shortcode_after_footer_bottom":"","ocean_display_top_bar":"default","ocean_display_header":"default","ocean_header_style":"","ocean_center_header_left_menu":"0","ocean_custom_header_template":"0","ocean_custom_logo":0,"ocean_custom_retina_logo":0,"ocean_custom_logo_max_width":0,"ocean_custom_logo_tablet_max_width":0,"ocean_custom_logo_mobile_max_width":0,"ocean_custom_logo_max_height":0,"ocean_custom_logo_tablet_max_height":0,"ocean_custom_logo_mobile_max_height":0,"ocean_header_custom_menu":"0","ocean_menu_typo_font_family":"0","ocean_menu_typo_font_subset":"","ocean_menu_typo_font_size":0,"ocean_menu_typo_font_size_tablet":0,"ocean_menu_typo_font_size_mobile":0,"ocean_menu_typo_font_size_unit":"px","ocean_menu_typo_font_weight":"","ocean_menu_typo_font_weight_tablet":"","ocean_menu_typo_font_weight_mobile":"","ocean_menu_typo_transform":"","ocean_menu_typo_transform_tablet":"","ocean_menu_typo_transform_mobile":"","ocean_menu_typo_line_height":0,"ocean_menu_typo_line_height_tablet":0,"ocean_menu_typo_line_height_mobile":0,"ocean_menu_typo_line_height_unit":"","ocean_menu_typo_spacing":0,"ocean_menu_typo_spacing_tablet":0,"ocean_menu_typo_spacing_mobile":0,"ocean_menu_typo_spacing_unit":"","ocean_menu_link_color":"","ocean_menu_link_color_hover":"","ocean_menu_link_color_active":"","ocean_menu_link_background":"","ocean_menu_link_hover_background":"","ocean_menu_link_active_background":"","ocean_menu_social_links_bg":"","ocean_menu_social_hover_links_bg":"","ocean_menu_social_links_color":"","ocean_menu_social_hover_links_color":"","ocean_disable_title":"default","ocean_disable_heading":"default","ocean_post_title":"","ocean_post_subheading":"","ocean_post_title_style":"","ocean_post_title_background_color":"","ocean_post_title_background":0,"ocean_post_title_bg_image_position":"","ocean_post_title_bg_image_attachment":"","ocean_post_title_bg_image_repeat":"","ocean_post_title_bg_image_size":"","ocean_post_title_height":0,"ocean_post_title_bg_overlay":0.5,"ocean_post_title_bg_overlay_color":"","ocean_disable_breadcrumbs":"default","ocean_breadcrumbs_color":"","ocean_breadcrumbs_separator_color":"","ocean_breadcrumbs_links_color":"","ocean_breadcrumbs_links_hover_color":"","ocean_display_footer_widgets":"default","ocean_display_footer_bottom":"default","ocean_custom_footer_template":"0"},"product_brand":[],"product_cat":[48],"product_tag":[],"class_list":{"0":"post-15089","1":"product","2":"type-product","3":"status-publish","4":"has-post-thumbnail","6":"product_cat-les-plantes-dinterieur","7":"product_shipping_class-produits-non-livrables","9":"entry","10":"has-media","12":"first","13":"instock","14":"taxable","15":"shipping-taxable","16":"purchasable","17":"product-type-variable","18":"has-product-nav","19":"col","20":"span_1_of_4","21":"owp-content-center","22":"owp-thumbs-layout-horizontal","23":"owp-btn-big","24":"owp-tabs-layout-vertical"},"aioseo_notices":[],"jetpack_sharing_enabled":true,"_links":{"self":[{"href":"https:\/\/oliveraieducoudon.com\/index.php?rest_route=\/wp\/v2\/product\/15089","targetHints":{"allow":["GET"]}}],"collection":[{"href":"https:\/\/oliveraieducoudon.com\/index.php?rest_route=\/wp\/v2\/product"}],"about":[{"href":"https:\/\/oliveraieducoudon.com\/index.php?rest_route=\/wp\/v2\/types\/product"}],"replies":[{"embeddable":true,"href":"https:\/\/oliveraieducoudon.com\/index.php?rest_route=%2Fwp%2Fv2%2Fcomments&post=15089"}],"wp:featuredmedia":[{"embeddable":true,"href":"https:\/\/oliveraieducoudon.com\/index.php?rest_route=\/wp\/v2\/media\/15103"}],"wp:attachment":[{"href":"https:\/\/oliveraieducoudon.com\/index.php?rest_route=%2Fwp%2Fv2%2Fmedia&parent=15089"}],"wp:term":[{"taxonomy":"product_brand","embeddable":true,"href":"https:\/\/oliveraieducoudon.com\/index.php?rest_route=%2Fwp%2Fv2%2Fproduct_brand&post=15089"},{"taxonomy":"product_cat","embeddable":true,"href":"https:\/\/oliveraieducoudon.com\/index.php?rest_route=%2Fwp%2Fv2%2Fproduct_cat&post=15089"},{"taxonomy":"product_tag","embeddable":true,"href":"https:\/\/oliveraieducoudon.com\/index.php?rest_route=%2Fwp%2Fv2%2Fproduct_tag&post=15089"}],"curies":[{"name":"wp","href":"https:\/\/api.w.org\/{rel}","templated":true}]}}