{"id":14636,"date":"2023-10-25T13:05:20","date_gmt":"2023-10-25T11:05:20","guid":{"rendered":"http:\/\/oliveraieducoudon.com\/?post_type=product&#038;p=14636"},"modified":"2023-11-15T18:16:36","modified_gmt":"2023-11-15T17:16:36","slug":"oignons-pissaladiere","status":"publish","type":"product","link":"https:\/\/oliveraieducoudon.com\/?product=oignons-pissaladiere","title":{"rendered":"Oignons pissaladi\u00e8re"},"content":{"rendered":"<p><em><strong><span style=\"color: #993366;\">Oignons pissaladi\u00e8re<\/span><\/strong><\/em><\/p>\n<p>La Pissaladi\u00e8re est une pizza sans tomates qui se d\u00e9guste dans la r\u00e9gion de Nice. C&rsquo;est une p\u00e2te boulang\u00e8re dont la garniture est faite d&rsquo;oignons, d&rsquo;olives noires, et d&rsquo;anchois. Cette recette l\u00e9g\u00e8rement sucr\u00e9e se tartine aussi \u00e0 l&rsquo;ap\u00e9ritif sur des toasts, ou peut \u00eatre servie en accompagnement d&rsquo;un plat de p\u00e2tes chaudes ou froides en salade d&rsquo;\u00e9t\u00e9. Vous pouvez, bien entendu, l&rsquo;utiliser pour sa vocation premi\u00e8re sur une p\u00e2te \u00e0 pizza.<\/p>\n<p><span style=\"color: #993366;\">Conseils de d\u00e9gustation :<\/span><br \/>\npour garnir une p\u00e2te bris\u00e9e ou une p\u00e2te feuillet\u00e9e pour r\u00e9aliser votre tarte pissaladi\u00e8re.<br \/>\npour accompagner le riz, la semoule<\/p>\n<p><span style=\"color: #993366;\">Ingr\u00e9dients :<\/span> oignons (69%), huile de tournesol,<br \/>\nanchois (POISSON), olives noires, vinaigre (SULFITES), sucre, sel, poivre, thym<\/p>\n<p><span style=\"color: #993366;\">valeurs nutritionnelles pour 100g<\/span><\/p>\n<p>valeur \u00e9nerg\u00e9tique (kcal) : 96<br \/>\nvaleur \u00e9nerg\u00e9tique (kj) : 402<br \/>\nmat. grasses (en g) : 11,65<br \/>\na.g. satur\u00e9s (en g) : 0,39<br \/>\nglucides (en g) : 7,51<br \/>\ndont sucres (en g) : 0,63<br \/>\nprot\u00e9ines (en g) : 1,14<br \/>\nsel (en g) : 0,77<\/p>\n<p>A conserver au frais apr\u00e8s ouverture<\/p>\n<p>Prix au kilo : 42,20\u20ac<\/p>\n","protected":false},"excerpt":{"rendered":"<p>Oignons pissaladi\u00e8re La Pissaladi\u00e8re est une pizza sans tomates qui se d\u00e9guste dans la r\u00e9gion de Nice. C&rsquo;est une p\u00e2te boulang\u00e8re dont la garniture est faite d&rsquo;oignons, d&rsquo;olives noires, et d&rsquo;anchois. Cette recette l\u00e9g\u00e8rement sucr\u00e9e se tartine aussi \u00e0 l&rsquo;ap\u00e9ritif sur des toasts, ou peut \u00eatre servie en accompagnement d&rsquo;un plat de p\u00e2tes chaudes ou [&hellip;]<\/p>\n","protected":false},"featured_media":14671,"comment_status":"open","ping_status":"closed","template":"","meta":{"om_disable_all_campaigns":false,"_monsterinsights_skip_tracking":false,"_monsterinsights_sitenote_active":false,"_monsterinsights_sitenote_note":"","_monsterinsights_sitenote_category":0,"ocean_post_layout":"","ocean_both_sidebars_style":"","ocean_both_sidebars_content_width":0,"ocean_both_sidebars_sidebars_width":0,"ocean_sidebar":"0","ocean_second_sidebar":"0","ocean_disable_margins":"enable","ocean_add_body_class":"","ocean_shortcode_before_top_bar":"","ocean_shortcode_after_top_bar":"","ocean_shortcode_before_header":"","ocean_shortcode_after_header":"","ocean_has_shortcode":"","ocean_shortcode_after_title":"","ocean_shortcode_before_footer_widgets":"","ocean_shortcode_after_footer_widgets":"","ocean_shortcode_before_footer_bottom":"","ocean_shortcode_after_footer_bottom":"","ocean_display_top_bar":"default","ocean_display_header":"default","ocean_header_style":"","ocean_center_header_left_menu":"0","ocean_custom_header_template":"0","ocean_custom_logo":0,"ocean_custom_retina_logo":0,"ocean_custom_logo_max_width":0,"ocean_custom_logo_tablet_max_width":0,"ocean_custom_logo_mobile_max_width":0,"ocean_custom_logo_max_height":0,"ocean_custom_logo_tablet_max_height":0,"ocean_custom_logo_mobile_max_height":0,"ocean_header_custom_menu":"0","ocean_menu_typo_font_family":"0","ocean_menu_typo_font_subset":"","ocean_menu_typo_font_size":0,"ocean_menu_typo_font_size_tablet":0,"ocean_menu_typo_font_size_mobile":0,"ocean_menu_typo_font_size_unit":"px","ocean_menu_typo_font_weight":"","ocean_menu_typo_font_weight_tablet":"","ocean_menu_typo_font_weight_mobile":"","ocean_menu_typo_transform":"","ocean_menu_typo_transform_tablet":"","ocean_menu_typo_transform_mobile":"","ocean_menu_typo_line_height":0,"ocean_menu_typo_line_height_tablet":0,"ocean_menu_typo_line_height_mobile":0,"ocean_menu_typo_line_height_unit":"","ocean_menu_typo_spacing":0,"ocean_menu_typo_spacing_tablet":0,"ocean_menu_typo_spacing_mobile":0,"ocean_menu_typo_spacing_unit":"","ocean_menu_link_color":"","ocean_menu_link_color_hover":"","ocean_menu_link_color_active":"","ocean_menu_link_background":"","ocean_menu_link_hover_background":"","ocean_menu_link_active_background":"","ocean_menu_social_links_bg":"","ocean_menu_social_hover_links_bg":"","ocean_menu_social_links_color":"","ocean_menu_social_hover_links_color":"","ocean_disable_title":"default","ocean_disable_heading":"default","ocean_post_title":"","ocean_post_subheading":"","ocean_post_title_style":"","ocean_post_title_background_color":"","ocean_post_title_background":0,"ocean_post_title_bg_image_position":"","ocean_post_title_bg_image_attachment":"","ocean_post_title_bg_image_repeat":"","ocean_post_title_bg_image_size":"","ocean_post_title_height":0,"ocean_post_title_bg_overlay":0.5,"ocean_post_title_bg_overlay_color":"","ocean_disable_breadcrumbs":"default","ocean_breadcrumbs_color":"","ocean_breadcrumbs_separator_color":"","ocean_breadcrumbs_links_color":"","ocean_breadcrumbs_links_hover_color":"","ocean_display_footer_widgets":"default","ocean_display_footer_bottom":"default","ocean_custom_footer_template":"0"},"product_brand":[],"product_cat":[40],"product_tag":[],"class_list":{"0":"post-14636","1":"product","2":"type-product","3":"status-publish","4":"has-post-thumbnail","6":"product_cat-specialites-provencales","7":"product_shipping_class-produits-livrables","9":"entry","10":"has-media","12":"first","13":"instock","14":"taxable","15":"shipping-taxable","16":"purchasable","17":"product-type-variable","18":"has-product-nav","19":"col","20":"span_1_of_4","21":"owp-content-center","22":"owp-thumbs-layout-horizontal","23":"owp-btn-big","24":"owp-tabs-layout-vertical","25":"has-no-thumbnails"},"aioseo_notices":[],"jetpack_sharing_enabled":true,"_links":{"self":[{"href":"https:\/\/oliveraieducoudon.com\/index.php?rest_route=\/wp\/v2\/product\/14636","targetHints":{"allow":["GET"]}}],"collection":[{"href":"https:\/\/oliveraieducoudon.com\/index.php?rest_route=\/wp\/v2\/product"}],"about":[{"href":"https:\/\/oliveraieducoudon.com\/index.php?rest_route=\/wp\/v2\/types\/product"}],"replies":[{"embeddable":true,"href":"https:\/\/oliveraieducoudon.com\/index.php?rest_route=%2Fwp%2Fv2%2Fcomments&post=14636"}],"wp:featuredmedia":[{"embeddable":true,"href":"https:\/\/oliveraieducoudon.com\/index.php?rest_route=\/wp\/v2\/media\/14671"}],"wp:attachment":[{"href":"https:\/\/oliveraieducoudon.com\/index.php?rest_route=%2Fwp%2Fv2%2Fmedia&parent=14636"}],"wp:term":[{"taxonomy":"product_brand","embeddable":true,"href":"https:\/\/oliveraieducoudon.com\/index.php?rest_route=%2Fwp%2Fv2%2Fproduct_brand&post=14636"},{"taxonomy":"product_cat","embeddable":true,"href":"https:\/\/oliveraieducoudon.com\/index.php?rest_route=%2Fwp%2Fv2%2Fproduct_cat&post=14636"},{"taxonomy":"product_tag","embeddable":true,"href":"https:\/\/oliveraieducoudon.com\/index.php?rest_route=%2Fwp%2Fv2%2Fproduct_tag&post=14636"}],"curies":[{"name":"wp","href":"https:\/\/api.w.org\/{rel}","templated":true}]}}