{"id":14437,"date":"2023-10-25T10:46:37","date_gmt":"2023-10-25T08:46:37","guid":{"rendered":"http:\/\/oliveraieducoudon.com\/?post_type=product&#038;p=14437"},"modified":"2023-11-15T18:18:43","modified_gmt":"2023-11-15T17:18:43","slug":"poivrons-rouges-braises","status":"publish","type":"product","link":"https:\/\/oliveraieducoudon.com\/?product=poivrons-rouges-braises","title":{"rendered":"Poivrons rouges brais\u00e9s"},"content":{"rendered":"<h3><em><strong><span style=\"color: #ff6600;\">Poivrons rouges brais\u00e9s.<\/span><\/strong><\/em><\/h3>\n<p>Pr\u00e9par\u00e9s Poivrons rouges brais\u00e9s \u00e0 l&rsquo;huile d&rsquo;olive<br \/>\nLes poivrons rouges pr\u00e9alablement brais\u00e9s sont marin\u00e9s dans l?huile d?olive vierge extra afin de leur permettre de garder toutes les saveurs. Ils vous permettront de partager un ap\u00e9ritif gourmand entre gourmets. A d\u00e9guster en pickles ou sur un bon morceau de pain grill\u00e9<br \/>\nEn plus de l&rsquo;ap\u00e9ritif, les poivrons rouges \u00e0 l&rsquo;huile d&rsquo;olive s&rsquo;appr\u00e9cient en accompagnement d&rsquo;une viande ou dans une salade ou une tarte fine.<\/p>\n<p>Poids net \u00e9goutt\u00e9 : 700 g, poids brut 950 g.<\/p>\n<p><span style=\"color: #ff6600;\">Ingr\u00e9dients :<\/span> poivrons rouges brais\u00e9s 70%, huile d&rsquo;olive vierge extra, ail, basilic, persil.<\/p>\n<p>A conserver au frais apr\u00e8s ouverture.<\/p>\n<p>Valeur \u00c9nerg\u00e9tique 164 Kj \/ 39 Kcal<br \/>\nMati\u00e8res Grasses 0,43 G<br \/>\nGlucides 6,3 G<br \/>\nDont Sucres 4, 2 G<br \/>\nProt\u00e9ines 1,4 G<br \/>\nSel 0,96 G<br \/>\nDont Acides Gras Satur\u00e9s 0,07<\/p>\n<p>Poid nets : 140g soit 50,71\u20ac\/Kg &#8211;\u00a0 350g soit 30,85\u20ac\/ Kg &#8211; 700g soit 24,42\u20ac\/Kg<\/p>\n<p>&nbsp;<\/p>\n","protected":false},"excerpt":{"rendered":"<p>Poivrons rouges brais\u00e9s. Pr\u00e9par\u00e9s Poivrons rouges brais\u00e9s \u00e0 l&rsquo;huile d&rsquo;olive Les poivrons rouges pr\u00e9alablement brais\u00e9s sont marin\u00e9s dans l?huile d?olive vierge extra afin de leur permettre de garder toutes les saveurs. Ils vous permettront de partager un ap\u00e9ritif gourmand entre gourmets. A d\u00e9guster en pickles ou sur un bon morceau de pain grill\u00e9 En plus [&hellip;]<\/p>\n","protected":false},"featured_media":14576,"comment_status":"open","ping_status":"closed","template":"","meta":{"om_disable_all_campaigns":false,"_monsterinsights_skip_tracking":false,"_monsterinsights_sitenote_active":false,"_monsterinsights_sitenote_note":"","_monsterinsights_sitenote_category":0,"ocean_post_layout":"","ocean_both_sidebars_style":"","ocean_both_sidebars_content_width":0,"ocean_both_sidebars_sidebars_width":0,"ocean_sidebar":"0","ocean_second_sidebar":"0","ocean_disable_margins":"enable","ocean_add_body_class":"","ocean_shortcode_before_top_bar":"","ocean_shortcode_after_top_bar":"","ocean_shortcode_before_header":"","ocean_shortcode_after_header":"","ocean_has_shortcode":"","ocean_shortcode_after_title":"","ocean_shortcode_before_footer_widgets":"","ocean_shortcode_after_footer_widgets":"","ocean_shortcode_before_footer_bottom":"","ocean_shortcode_after_footer_bottom":"","ocean_display_top_bar":"default","ocean_display_header":"default","ocean_header_style":"","ocean_center_header_left_menu":"0","ocean_custom_header_template":"0","ocean_custom_logo":0,"ocean_custom_retina_logo":0,"ocean_custom_logo_max_width":0,"ocean_custom_logo_tablet_max_width":0,"ocean_custom_logo_mobile_max_width":0,"ocean_custom_logo_max_height":0,"ocean_custom_logo_tablet_max_height":0,"ocean_custom_logo_mobile_max_height":0,"ocean_header_custom_menu":"0","ocean_menu_typo_font_family":"0","ocean_menu_typo_font_subset":"","ocean_menu_typo_font_size":0,"ocean_menu_typo_font_size_tablet":0,"ocean_menu_typo_font_size_mobile":0,"ocean_menu_typo_font_size_unit":"px","ocean_menu_typo_font_weight":"","ocean_menu_typo_font_weight_tablet":"","ocean_menu_typo_font_weight_mobile":"","ocean_menu_typo_transform":"","ocean_menu_typo_transform_tablet":"","ocean_menu_typo_transform_mobile":"","ocean_menu_typo_line_height":0,"ocean_menu_typo_line_height_tablet":0,"ocean_menu_typo_line_height_mobile":0,"ocean_menu_typo_line_height_unit":"","ocean_menu_typo_spacing":0,"ocean_menu_typo_spacing_tablet":0,"ocean_menu_typo_spacing_mobile":0,"ocean_menu_typo_spacing_unit":"","ocean_menu_link_color":"","ocean_menu_link_color_hover":"","ocean_menu_link_color_active":"","ocean_menu_link_background":"","ocean_menu_link_hover_background":"","ocean_menu_link_active_background":"","ocean_menu_social_links_bg":"","ocean_menu_social_hover_links_bg":"","ocean_menu_social_links_color":"","ocean_menu_social_hover_links_color":"","ocean_disable_title":"default","ocean_disable_heading":"default","ocean_post_title":"","ocean_post_subheading":"","ocean_post_title_style":"","ocean_post_title_background_color":"","ocean_post_title_background":0,"ocean_post_title_bg_image_position":"","ocean_post_title_bg_image_attachment":"","ocean_post_title_bg_image_repeat":"","ocean_post_title_bg_image_size":"","ocean_post_title_height":0,"ocean_post_title_bg_overlay":0.5,"ocean_post_title_bg_overlay_color":"","ocean_disable_breadcrumbs":"default","ocean_breadcrumbs_color":"","ocean_breadcrumbs_separator_color":"","ocean_breadcrumbs_links_color":"","ocean_breadcrumbs_links_hover_color":"","ocean_display_footer_widgets":"default","ocean_display_footer_bottom":"default","ocean_custom_footer_template":"0"},"product_brand":[],"product_cat":[40],"product_tag":[],"class_list":{"0":"post-14437","1":"product","2":"type-product","3":"status-publish","4":"has-post-thumbnail","6":"product_cat-specialites-provencales","7":"product_shipping_class-produits-livrables","9":"entry","10":"has-media","12":"first","13":"instock","14":"taxable","15":"shipping-taxable","16":"purchasable","17":"product-type-variable","18":"has-product-nav","19":"col","20":"span_1_of_4","21":"owp-content-center","22":"owp-thumbs-layout-horizontal","23":"owp-btn-big","24":"owp-tabs-layout-vertical","25":"has-no-thumbnails"},"aioseo_notices":[],"jetpack_sharing_enabled":true,"_links":{"self":[{"href":"https:\/\/oliveraieducoudon.com\/index.php?rest_route=\/wp\/v2\/product\/14437","targetHints":{"allow":["GET"]}}],"collection":[{"href":"https:\/\/oliveraieducoudon.com\/index.php?rest_route=\/wp\/v2\/product"}],"about":[{"href":"https:\/\/oliveraieducoudon.com\/index.php?rest_route=\/wp\/v2\/types\/product"}],"replies":[{"embeddable":true,"href":"https:\/\/oliveraieducoudon.com\/index.php?rest_route=%2Fwp%2Fv2%2Fcomments&post=14437"}],"wp:featuredmedia":[{"embeddable":true,"href":"https:\/\/oliveraieducoudon.com\/index.php?rest_route=\/wp\/v2\/media\/14576"}],"wp:attachment":[{"href":"https:\/\/oliveraieducoudon.com\/index.php?rest_route=%2Fwp%2Fv2%2Fmedia&parent=14437"}],"wp:term":[{"taxonomy":"product_brand","embeddable":true,"href":"https:\/\/oliveraieducoudon.com\/index.php?rest_route=%2Fwp%2Fv2%2Fproduct_brand&post=14437"},{"taxonomy":"product_cat","embeddable":true,"href":"https:\/\/oliveraieducoudon.com\/index.php?rest_route=%2Fwp%2Fv2%2Fproduct_cat&post=14437"},{"taxonomy":"product_tag","embeddable":true,"href":"https:\/\/oliveraieducoudon.com\/index.php?rest_route=%2Fwp%2Fv2%2Fproduct_tag&post=14437"}],"curies":[{"name":"wp","href":"https:\/\/api.w.org\/{rel}","templated":true}]}}